{"id":54991,"date":"2026-08-31T17:51:57","date_gmt":"2026-08-31T20:51:57","guid":{"rendered":"https:\/\/augustocamiseiro.com\/lojaweb\/?post_type=product&#038;p=54991"},"modified":"2026-08-31T17:58:40","modified_gmt":"2026-08-31T20:58:40","slug":"calca-sarja-bege","status":"publish","type":"product","link":"https:\/\/augustocamiseiro.com\/lojaweb\/produto\/calca-sarja-bege\/","title":{"rendered":"Cal\u00e7a Sarja Bege"},"content":{"rendered":"<p>\u00e9 uma excelente op\u00e7\u00e3o de cal\u00e7a casual devido a sua composi\u00e7\u00e3o, cor e caimento slim.<\/p>\n<p>Igualmente se tem muito conforto e muito estilo, pois seu caimento slimfit empresta um visual moderno a esta pe\u00e7a cl\u00e1ssica.<\/p>\n<p>&nbsp;<\/p>\n<p><strong>Caracter\u00edsticas\u00a0<\/strong><\/p>\n<p>&nbsp;<\/p>\n<ul>\n<li>Modelagem slimfit.<\/li>\n<li>Acabamentos internos esportivos.<\/li>\n<li>Bolso faca. Forro 100% algod\u00e3o.<\/li>\n<li>Composi\u00e7\u00e3o 98% algod\u00e3o 2% elastano.<\/li>\n<li>Acabamento peletizado ( amaciado ).<\/li>\n<li>C\u00f3s com el\u00e1stico embutido atr\u00e1s para melhor ajuste.<\/li>\n<li>Bolsinho lateral junto ao bolso faca.<\/li>\n<li>Pode ser lavada em casa.<\/li>\n<\/ul>\n<p>&nbsp;<\/p>\n","protected":false},"excerpt":{"rendered":"<p>\u00e9 uma excelente op\u00e7\u00e3o de cal\u00e7a casual devido a sua composi\u00e7\u00e3o, cor e caimento slim. Igualmente se tem muito conforto e muito estilo, pois seu caimento slimfit empresta um visual moderno a esta pe\u00e7a cl\u00e1ssica. [&hellip;]<\/p>\n","protected":false},"featured_media":54885,"comment_status":"open","ping_status":"closed","template":"","meta":{"_acf_changed":false},"product_brand":[],"product_cat":[2527],"product_tag":[409,417,2068,2071,1292,2069,419,2077,1902,361,1406,2592,2036,2647],"class_list":["post-54991","product","type-product","status-publish","has-post-thumbnail","product_cat-calcas","product_tag-calca","product_tag-calca-bege","product_tag-calca-bege-masculina","product_tag-calca-bege-social","product_tag-calca-masculina","product_tag-calca-masculina-bege","product_tag-calca-sarja","product_tag-calca-social-bege","product_tag-calca-social-masculina","product_tag-calca-social","product_tag-moda-masculina","product_tag-moda-masculina-casual","product_tag-moda-masculina-elegante","product_tag-moda-masculina-social","first","instock","taxable","shipping-taxable","purchasable","product-type-variable"],"acf":[],"yoast_head":"<!-- This site is optimized with the Yoast SEO plugin v25.3.1 - https:\/\/yoast.com\/wordpress\/plugins\/seo\/ -->\n<title>Cal\u00e7a Sarja Bege - Augusto Camiseiro<\/title>\n<meta name=\"description\" content=\"Cal\u00e7a Sarja Bege. feita com elastano e algod\u00e3o. Cal\u00e7a casual despojada de cor cl\u00e1ssica. Muito conforto.\" \/>\n<meta name=\"robots\" content=\"index, follow, max-snippet:-1, max-image-preview:large, max-video-preview:-1\" \/>\n<link rel=\"canonical\" href=\"https:\/\/augustocamiseiro.com\/lojaweb\/produto\/calca-sarja-bege\/\" \/>\n<meta property=\"og:locale\" content=\"pt_BR\" \/>\n<meta property=\"og:type\" content=\"article\" \/>\n<meta property=\"og:title\" content=\"Cal\u00e7a Sarja Bege - Augusto Camiseiro\" \/>\n<meta property=\"og:description\" content=\"Cal\u00e7a Sarja Bege. feita com elastano e algod\u00e3o. Cal\u00e7a casual despojada de cor cl\u00e1ssica. Muito conforto.\" \/>\n<meta property=\"og:url\" content=\"https:\/\/augustocamiseiro.com\/lojaweb\/produto\/calca-sarja-bege\/\" \/>\n<meta property=\"og:site_name\" content=\"Augusto Camiseiro\" \/>\n<meta property=\"article:modified_time\" content=\"2026-08-31T20:58:40+00:00\" \/>\n<meta property=\"og:image\" content=\"https:\/\/augustocamiseiro.com\/lojaweb\/wp-content\/uploads\/2026\/08\/4475-SARJA-BEGE-CLARO-6_augustocamiseiro.webp\" \/>\n\t<meta property=\"og:image:width\" content=\"1200\" \/>\n\t<meta property=\"og:image:height\" content=\"1490\" \/>\n\t<meta property=\"og:image:type\" content=\"image\/webp\" \/>\n<meta name=\"twitter:card\" content=\"summary_large_image\" \/>\n<meta name=\"twitter:label1\" content=\"Est. tempo de leitura\" \/>\n\t<meta name=\"twitter:data1\" content=\"1 minuto\" \/>\n<!-- \/ Yoast SEO plugin. -->","yoast_head_json":{"title":"Cal\u00e7a Sarja Bege - Augusto Camiseiro","description":"Cal\u00e7a Sarja Bege. feita com elastano e algod\u00e3o. Cal\u00e7a casual despojada de cor cl\u00e1ssica. Muito conforto.","robots":{"index":"index","follow":"follow","max-snippet":"max-snippet:-1","max-image-preview":"max-image-preview:large","max-video-preview":"max-video-preview:-1"},"canonical":"https:\/\/augustocamiseiro.com\/lojaweb\/produto\/calca-sarja-bege\/","og_locale":"pt_BR","og_type":"article","og_title":"Cal\u00e7a Sarja Bege - Augusto Camiseiro","og_description":"Cal\u00e7a Sarja Bege. feita com elastano e algod\u00e3o. Cal\u00e7a casual despojada de cor cl\u00e1ssica. Muito conforto.","og_url":"https:\/\/augustocamiseiro.com\/lojaweb\/produto\/calca-sarja-bege\/","og_site_name":"Augusto Camiseiro","article_modified_time":"2026-08-31T20:58:40+00:00","og_image":[{"width":1200,"height":1490,"url":"https:\/\/augustocamiseiro.com\/lojaweb\/wp-content\/uploads\/2026\/08\/4475-SARJA-BEGE-CLARO-6_augustocamiseiro.webp","type":"image\/webp"}],"twitter_card":"summary_large_image","twitter_misc":{"Est. tempo de leitura":"1 minuto"},"schema":{"@context":"https:\/\/schema.org","@graph":[{"@type":"WebPage","@id":"https:\/\/augustocamiseiro.com\/lojaweb\/produto\/calca-sarja-bege\/","url":"https:\/\/augustocamiseiro.com\/lojaweb\/produto\/calca-sarja-bege\/","name":"Cal\u00e7a Sarja Bege - Augusto Camiseiro","isPartOf":{"@id":"https:\/\/augustocamiseiro.com\/lojaweb\/#website"},"primaryImageOfPage":{"@id":"https:\/\/augustocamiseiro.com\/lojaweb\/produto\/calca-sarja-bege\/#primaryimage"},"image":{"@id":"https:\/\/augustocamiseiro.com\/lojaweb\/produto\/calca-sarja-bege\/#primaryimage"},"thumbnailUrl":"https:\/\/i0.wp.com\/augustocamiseiro.com\/lojaweb\/wp-content\/uploads\/2026\/08\/4475-SARJA-BEGE-CLARO-6_augustocamiseiro.webp?fit=1200%2C1490&ssl=1","datePublished":"2026-08-31T20:51:57+00:00","dateModified":"2026-08-31T20:58:40+00:00","description":"Cal\u00e7a Sarja Bege. feita com elastano e algod\u00e3o. Cal\u00e7a casual despojada de cor cl\u00e1ssica. Muito conforto.","breadcrumb":{"@id":"https:\/\/augustocamiseiro.com\/lojaweb\/produto\/calca-sarja-bege\/#breadcrumb"},"inLanguage":"pt-BR","potentialAction":[{"@type":"ReadAction","target":["https:\/\/augustocamiseiro.com\/lojaweb\/produto\/calca-sarja-bege\/"]}]},{"@type":"ImageObject","inLanguage":"pt-BR","@id":"https:\/\/augustocamiseiro.com\/lojaweb\/produto\/calca-sarja-bege\/#primaryimage","url":"https:\/\/i0.wp.com\/augustocamiseiro.com\/lojaweb\/wp-content\/uploads\/2026\/08\/4475-SARJA-BEGE-CLARO-6_augustocamiseiro.webp?fit=1200%2C1490&ssl=1","contentUrl":"https:\/\/i0.wp.com\/augustocamiseiro.com\/lojaweb\/wp-content\/uploads\/2026\/08\/4475-SARJA-BEGE-CLARO-6_augustocamiseiro.webp?fit=1200%2C1490&ssl=1","width":1200,"height":1490,"caption":"SARJA BEGE CLARO"},{"@type":"BreadcrumbList","@id":"https:\/\/augustocamiseiro.com\/lojaweb\/produto\/calca-sarja-bege\/#breadcrumb","itemListElement":[{"@type":"ListItem","position":1,"name":"In\u00edcio","item":"https:\/\/augustocamiseiro.com\/lojaweb\/"},{"@type":"ListItem","position":2,"name":"Shop","item":"https:\/\/augustocamiseiro.com\/lojaweb\/shop\/"},{"@type":"ListItem","position":3,"name":"Cal\u00e7a Sarja Bege"}]},{"@type":"WebSite","@id":"https:\/\/augustocamiseiro.com\/lojaweb\/#website","url":"https:\/\/augustocamiseiro.com\/lojaweb\/","name":"Augusto Camiseiro","description":"Roupa Masculina","publisher":{"@id":"https:\/\/augustocamiseiro.com\/lojaweb\/#organization"},"potentialAction":[{"@type":"SearchAction","target":{"@type":"EntryPoint","urlTemplate":"https:\/\/augustocamiseiro.com\/lojaweb\/?s={search_term_string}"},"query-input":{"@type":"PropertyValueSpecification","valueRequired":true,"valueName":"search_term_string"}}],"inLanguage":"pt-BR"},{"@type":"Organization","@id":"https:\/\/augustocamiseiro.com\/lojaweb\/#organization","name":"Augusto Camiseiro","url":"https:\/\/augustocamiseiro.com\/lojaweb\/","logo":{"@type":"ImageObject","inLanguage":"pt-BR","@id":"https:\/\/augustocamiseiro.com\/lojaweb\/#\/schema\/logo\/image\/","url":"https:\/\/i0.wp.com\/augustocamiseiro.com\/lojaweb\/wp-content\/uploads\/2024\/04\/cropped-logo-augusto-white-1.png?fit=550%2C310&ssl=1","contentUrl":"https:\/\/i0.wp.com\/augustocamiseiro.com\/lojaweb\/wp-content\/uploads\/2024\/04\/cropped-logo-augusto-white-1.png?fit=550%2C310&ssl=1","width":550,"height":310,"caption":"Augusto Camiseiro"},"image":{"@id":"https:\/\/augustocamiseiro.com\/lojaweb\/#\/schema\/logo\/image\/"}}]}},"jetpack_sharing_enabled":true,"_links":{"self":[{"href":"https:\/\/augustocamiseiro.com\/lojaweb\/wp-json\/wp\/v2\/product\/54991","targetHints":{"allow":["GET"]}}],"collection":[{"href":"https:\/\/augustocamiseiro.com\/lojaweb\/wp-json\/wp\/v2\/product"}],"about":[{"href":"https:\/\/augustocamiseiro.com\/lojaweb\/wp-json\/wp\/v2\/types\/product"}],"replies":[{"embeddable":true,"href":"https:\/\/augustocamiseiro.com\/lojaweb\/wp-json\/wp\/v2\/comments?post=54991"}],"wp:featuredmedia":[{"embeddable":true,"href":"https:\/\/augustocamiseiro.com\/lojaweb\/wp-json\/wp\/v2\/media\/54885"}],"wp:attachment":[{"href":"https:\/\/augustocamiseiro.com\/lojaweb\/wp-json\/wp\/v2\/media?parent=54991"}],"wp:term":[{"taxonomy":"product_brand","embeddable":true,"href":"https:\/\/augustocamiseiro.com\/lojaweb\/wp-json\/wp\/v2\/product_brand?post=54991"},{"taxonomy":"product_cat","embeddable":true,"href":"https:\/\/augustocamiseiro.com\/lojaweb\/wp-json\/wp\/v2\/product_cat?post=54991"},{"taxonomy":"product_tag","embeddable":true,"href":"https:\/\/augustocamiseiro.com\/lojaweb\/wp-json\/wp\/v2\/product_tag?post=54991"}],"curies":[{"name":"wp","href":"https:\/\/api.w.org\/{rel}","templated":true}]}}

Calça Sarja Bege

<p>é uma excelente opção de calça casual devido a sua composição, cor e caimento slim.</p>
<p>Igualmente se tem muito conforto e muito estilo, pois seu caimento slimfit empresta um visual moderno a esta peça clássica.</p>
<p>&nbsp;</p>
<p><strong>Características </strong></p>
<p>&nbsp;</p>
<ul>
<li>Modelagem slimfit.</li>
<li>Acabamentos internos esportivos.</li>
<li>Bolso faca. Forro 100% algodão.</li>
<li>Composição 98% algodão 2% elastano.</li>
<li>Acabamento peletizado ( amaciado ).</li>
<li>Cós com elástico embutido atrás para melhor ajuste.</li>
<li>Bolsinho lateral junto ao bolso faca.</li>
<li>Pode ser lavada em casa.</li>
</ul>
<p>&nbsp;</p>

<p>é uma excelente opção de calça casual devido a sua composição, cor e caimento slim. Igualmente se tem muito conforto e muito estilo, pois seu caimento slimfit empresta um visual moderno a esta peça clássica. [&hellip;]</p>

<!-- This site is optimized with the Yoast SEO plugin v25.3.1 - https://yoast.com/wordpress/plugins/seo/ -->
<title>Calça Sarja Bege - Augusto Camiseiro</title>
<meta name="description" content="Calça Sarja Bege. feita com elastano e algodão. Calça casual despojada de cor clássica. Muito conforto." />
<meta name="robots" content="index, follow, max-snippet:-1, max-image-preview:large, max-video-preview:-1" />
<link rel="canonical" href="https://augustocamiseiro.com/lojaweb/produto/calca-sarja-bege/" />
<meta property="og:locale" content="pt_BR" />
<meta property="og:type" content="article" />
<meta property="og:title" content="Calça Sarja Bege - Augusto Camiseiro" />
<meta property="og:description" content="Calça Sarja Bege. feita com elastano e algodão. Calça casual despojada de cor clássica. Muito conforto." />
<meta property="og:url" content="https://augustocamiseiro.com/lojaweb/produto/calca-sarja-bege/" />
<meta property="og:site_name" content="Augusto Camiseiro" />
<meta property="article:modified_time" content="2026-08-31T20:58:40+00:00" />
<meta property="og:image" content="https://augustocamiseiro.com/lojaweb/wp-content/uploads/2026/08/4475-SARJA-BEGE-CLARO-6_augustocamiseiro.webp" />
	<meta property="og:image:width" content="1200" />
	<meta property="og:image:height" content="1490" />
	<meta property="og:image:type" content="image/webp" />
<meta name="twitter:card" content="summary_large_image" />
<meta name="twitter:label1" content="Est. tempo de leitura" />
	<meta name="twitter:data1" content="1 minuto" />
<!-- / Yoast SEO plugin. -->

Calça Sarja Bege - Augusto Camiseiro

Calça Sarja Bege. feita com elastano e algodão. Calça casual despojada de cor clássica. Muito conforto.

Início
