{"id":46659,"date":"2025-12-10T20:49:13","date_gmt":"2025-12-10T20:49:13","guid":{"rendered":"https:\/\/augustocamiseiro.com\/lojaweb\/?post_type=product&#038;p=46659"},"modified":"2026-04-20T21:11:26","modified_gmt":"2026-04-20T21:11:26","slug":"mocassim-camurca-nuts","status":"publish","type":"product","link":"https:\/\/augustocamiseiro.com\/lojaweb\/produto\/mocassim-camurca-nuts\/","title":{"rendered":"Mocassim Camur\u00e7a Nuts"},"content":{"rendered":"<p>Mocassim de camur\u00e7a, um cl\u00e1ssico para o homem que procura conforto e sofistica\u00e7\u00e3o no trabalho e momentos de lazer. Com o exterior em camur\u00e7a na cor caramelo, oferece um visual refinado, al\u00e9m de um toque macio e agrad\u00e1vel. O couro interno leg\u00edtimo proporciona conforto e respirabilidade ao longo do dia, enquanto o solado de borracha garante leveza e ader\u00eancia. O acabamento minucioso refor\u00e7a a durabilidade e o estilo.<\/p>\n","protected":false},"excerpt":{"rendered":"<div class=\"woocommerce-product-details__short-description\">\n<p>Perfeito para o homem que valorizam o luxo discreto e o design atemporal. Um mocassim pensado para ambientes de trabalho, assim como, momentos casuais.<\/p>\n<\/div>\n<div data-product_id=\"44942\" data-threshold_min=\"30\" data-threshold_max=\"100\" data-total=\"8\"><\/div>\n","protected":false},"featured_media":46585,"comment_status":"open","ping_status":"closed","template":"","meta":{"_acf_changed":false},"product_brand":[],"product_cat":[313],"product_tag":[325,2435,625,626,2438,2437,2221,648,312,1151,1152,920,2436],"class_list":{"0":"post-46659","1":"product","2":"type-product","3":"status-publish","4":"has-post-thumbnail","6":"product_cat-sapato-couro","7":"product_tag-camurca","8":"product_tag-caspato-social","9":"product_tag-mocassim","10":"product_tag-mocassim-camurca","11":"product_tag-mocassim-camurca-caramelo","12":"product_tag-mocassim-caramelo","13":"product_tag-mocassim-masculino","14":"product_tag-mocassim-social","15":"product_tag-sapato","16":"product_tag-sapato-camurca","17":"product_tag-sapato-caramelo","18":"product_tag-sapato-masculino","19":"product_tag-sapato-social-de-camurca","21":"first","22":"instock","23":"taxable","24":"shipping-taxable","25":"purchasable","26":"product-type-variable"},"acf":[],"yoast_head":"<!-- This site is optimized with the Yoast SEO plugin v25.3.1 - https:\/\/yoast.com\/wordpress\/plugins\/seo\/ -->\n<title>Mocassim Camur\u00e7a Nuts - Augusto Camiseiro<\/title>\n<meta name=\"description\" content=\"Mocassim caramelo, feito com camur\u00e7a, dando um requinte a mais, desse jeito, elevando o estilo do homem moderno. Ideal para uso casual ou elegante.\" \/>\n<meta name=\"robots\" content=\"index, follow, max-snippet:-1, max-image-preview:large, max-video-preview:-1\" \/>\n<link rel=\"canonical\" href=\"https:\/\/augustocamiseiro.com\/lojaweb\/produto\/mocassim-camurca-nuts\/\" \/>\n<meta property=\"og:locale\" content=\"pt_BR\" \/>\n<meta property=\"og:type\" content=\"article\" \/>\n<meta property=\"og:title\" content=\"Mocassim Camur\u00e7a Nuts - Augusto Camiseiro\" \/>\n<meta property=\"og:description\" content=\"Mocassim caramelo, feito com camur\u00e7a, dando um requinte a mais, desse jeito, elevando o estilo do homem moderno. Ideal para uso casual ou elegante.\" \/>\n<meta property=\"og:url\" content=\"https:\/\/augustocamiseiro.com\/lojaweb\/produto\/mocassim-camurca-nuts\/\" \/>\n<meta property=\"og:site_name\" content=\"Augusto Camiseiro\" \/>\n<meta property=\"article:modified_time\" content=\"2026-04-20T21:11:26+00:00\" \/>\n<meta property=\"og:image\" content=\"https:\/\/augustocamiseiro.com\/lojaweb\/wp-content\/uploads\/2025\/11\/mocassim-camurca-nuts-ref4565_webp.webp\" \/>\n\t<meta property=\"og:image:width\" content=\"1100\" \/>\n\t<meta property=\"og:image:height\" content=\"1375\" \/>\n\t<meta property=\"og:image:type\" content=\"image\/webp\" \/>\n<meta name=\"twitter:card\" content=\"summary_large_image\" \/>\n<meta name=\"twitter:label1\" content=\"Est. tempo de leitura\" \/>\n\t<meta name=\"twitter:data1\" content=\"1 minuto\" \/>\n<!-- \/ Yoast SEO plugin. -->","yoast_head_json":{"title":"Mocassim Camur\u00e7a Nuts - Augusto Camiseiro","description":"Mocassim caramelo, feito com camur\u00e7a, dando um requinte a mais, desse jeito, elevando o estilo do homem moderno. Ideal para uso casual ou elegante.","robots":{"index":"index","follow":"follow","max-snippet":"max-snippet:-1","max-image-preview":"max-image-preview:large","max-video-preview":"max-video-preview:-1"},"canonical":"https:\/\/augustocamiseiro.com\/lojaweb\/produto\/mocassim-camurca-nuts\/","og_locale":"pt_BR","og_type":"article","og_title":"Mocassim Camur\u00e7a Nuts - Augusto Camiseiro","og_description":"Mocassim caramelo, feito com camur\u00e7a, dando um requinte a mais, desse jeito, elevando o estilo do homem moderno. Ideal para uso casual ou elegante.","og_url":"https:\/\/augustocamiseiro.com\/lojaweb\/produto\/mocassim-camurca-nuts\/","og_site_name":"Augusto Camiseiro","article_modified_time":"2026-04-20T21:11:26+00:00","og_image":[{"width":1100,"height":1375,"url":"https:\/\/augustocamiseiro.com\/lojaweb\/wp-content\/uploads\/2025\/11\/mocassim-camurca-nuts-ref4565_webp.webp","type":"image\/webp"}],"twitter_card":"summary_large_image","twitter_misc":{"Est. tempo de leitura":"1 minuto"},"schema":{"@context":"https:\/\/schema.org","@graph":[{"@type":"WebPage","@id":"https:\/\/augustocamiseiro.com\/lojaweb\/produto\/mocassim-camurca-nuts\/","url":"https:\/\/augustocamiseiro.com\/lojaweb\/produto\/mocassim-camurca-nuts\/","name":"Mocassim Camur\u00e7a Nuts - Augusto Camiseiro","isPartOf":{"@id":"https:\/\/augustocamiseiro.com\/lojaweb\/#website"},"primaryImageOfPage":{"@id":"https:\/\/augustocamiseiro.com\/lojaweb\/produto\/mocassim-camurca-nuts\/#primaryimage"},"image":{"@id":"https:\/\/augustocamiseiro.com\/lojaweb\/produto\/mocassim-camurca-nuts\/#primaryimage"},"thumbnailUrl":"https:\/\/i0.wp.com\/augustocamiseiro.com\/lojaweb\/wp-content\/uploads\/2025\/11\/mocassim-camurca-nuts-ref4565_webp.webp?fit=1100%2C1375&ssl=1","datePublished":"2025-12-10T20:49:13+00:00","dateModified":"2026-04-20T21:11:26+00:00","description":"Mocassim caramelo, feito com camur\u00e7a, dando um requinte a mais, desse jeito, elevando o estilo do homem moderno. Ideal para uso casual ou elegante.","breadcrumb":{"@id":"https:\/\/augustocamiseiro.com\/lojaweb\/produto\/mocassim-camurca-nuts\/#breadcrumb"},"inLanguage":"pt-BR","potentialAction":[{"@type":"ReadAction","target":["https:\/\/augustocamiseiro.com\/lojaweb\/produto\/mocassim-camurca-nuts\/"]}]},{"@type":"ImageObject","inLanguage":"pt-BR","@id":"https:\/\/augustocamiseiro.com\/lojaweb\/produto\/mocassim-camurca-nuts\/#primaryimage","url":"https:\/\/i0.wp.com\/augustocamiseiro.com\/lojaweb\/wp-content\/uploads\/2025\/11\/mocassim-camurca-nuts-ref4565_webp.webp?fit=1100%2C1375&ssl=1","contentUrl":"https:\/\/i0.wp.com\/augustocamiseiro.com\/lojaweb\/wp-content\/uploads\/2025\/11\/mocassim-camurca-nuts-ref4565_webp.webp?fit=1100%2C1375&ssl=1","width":1100,"height":1375,"caption":"mocassim camur\u00e7a nuts"},{"@type":"BreadcrumbList","@id":"https:\/\/augustocamiseiro.com\/lojaweb\/produto\/mocassim-camurca-nuts\/#breadcrumb","itemListElement":[{"@type":"ListItem","position":1,"name":"In\u00edcio","item":"https:\/\/augustocamiseiro.com\/lojaweb\/"},{"@type":"ListItem","position":2,"name":"Shop","item":"https:\/\/augustocamiseiro.com\/lojaweb\/shop\/"},{"@type":"ListItem","position":3,"name":"Mocassim Camur\u00e7a Nuts"}]},{"@type":"WebSite","@id":"https:\/\/augustocamiseiro.com\/lojaweb\/#website","url":"https:\/\/augustocamiseiro.com\/lojaweb\/","name":"Augusto Camiseiro","description":"Roupa Masculina","publisher":{"@id":"https:\/\/augustocamiseiro.com\/lojaweb\/#organization"},"potentialAction":[{"@type":"SearchAction","target":{"@type":"EntryPoint","urlTemplate":"https:\/\/augustocamiseiro.com\/lojaweb\/?s={search_term_string}"},"query-input":{"@type":"PropertyValueSpecification","valueRequired":true,"valueName":"search_term_string"}}],"inLanguage":"pt-BR"},{"@type":"Organization","@id":"https:\/\/augustocamiseiro.com\/lojaweb\/#organization","name":"Augusto Camiseiro","url":"https:\/\/augustocamiseiro.com\/lojaweb\/","logo":{"@type":"ImageObject","inLanguage":"pt-BR","@id":"https:\/\/augustocamiseiro.com\/lojaweb\/#\/schema\/logo\/image\/","url":"https:\/\/i0.wp.com\/augustocamiseiro.com\/lojaweb\/wp-content\/uploads\/2024\/04\/cropped-logo-augusto-white-1.png?fit=550%2C310&ssl=1","contentUrl":"https:\/\/i0.wp.com\/augustocamiseiro.com\/lojaweb\/wp-content\/uploads\/2024\/04\/cropped-logo-augusto-white-1.png?fit=550%2C310&ssl=1","width":550,"height":310,"caption":"Augusto Camiseiro"},"image":{"@id":"https:\/\/augustocamiseiro.com\/lojaweb\/#\/schema\/logo\/image\/"}}]}},"jetpack_sharing_enabled":true,"_links":{"self":[{"href":"https:\/\/augustocamiseiro.com\/lojaweb\/wp-json\/wp\/v2\/product\/46659","targetHints":{"allow":["GET"]}}],"collection":[{"href":"https:\/\/augustocamiseiro.com\/lojaweb\/wp-json\/wp\/v2\/product"}],"about":[{"href":"https:\/\/augustocamiseiro.com\/lojaweb\/wp-json\/wp\/v2\/types\/product"}],"replies":[{"embeddable":true,"href":"https:\/\/augustocamiseiro.com\/lojaweb\/wp-json\/wp\/v2\/comments?post=46659"}],"wp:featuredmedia":[{"embeddable":true,"href":"https:\/\/augustocamiseiro.com\/lojaweb\/wp-json\/wp\/v2\/media\/46585"}],"wp:attachment":[{"href":"https:\/\/augustocamiseiro.com\/lojaweb\/wp-json\/wp\/v2\/media?parent=46659"}],"wp:term":[{"taxonomy":"product_brand","embeddable":true,"href":"https:\/\/augustocamiseiro.com\/lojaweb\/wp-json\/wp\/v2\/product_brand?post=46659"},{"taxonomy":"product_cat","embeddable":true,"href":"https:\/\/augustocamiseiro.com\/lojaweb\/wp-json\/wp\/v2\/product_cat?post=46659"},{"taxonomy":"product_tag","embeddable":true,"href":"https:\/\/augustocamiseiro.com\/lojaweb\/wp-json\/wp\/v2\/product_tag?post=46659"}],"curies":[{"name":"wp","href":"https:\/\/api.w.org\/{rel}","templated":true}]}}