{"id":44954,"date":"2025-06-10T17:53:50","date_gmt":"2025-06-10T17:53:50","guid":{"rendered":"https:\/\/augustocamiseiro.com\/lojaweb\/?post_type=product&#038;p=44954"},"modified":"2026-04-15T20:42:29","modified_gmt":"2026-04-15T20:42:29","slug":"mocassim-tods-marrom-couro","status":"publish","type":"product","link":"https:\/\/augustocamiseiro.com\/lojaweb\/produto\/mocassim-tods-marrom-couro\/","title":{"rendered":"Mocassim Marrom Couro"},"content":{"rendered":"<p>Mocassim de couro, um cl\u00e1ssico para o homem que procura conforto e sofistica\u00e7\u00e3o no trabalho e momentos de lazer. Todo feito de couro, interno e externo, na cor marrom, oferece um visual refinado, al\u00e9m de um toque macio e agrad\u00e1vel. O couro interno leg\u00edtimo proporciona conforto e respirabilidade ao longo do dia, enquanto o solado de borracha garante leveza e ader\u00eancia. O acabamento minucioso refor\u00e7a a durabilidade e o estilo \u00fanico que s\u00f3 um aut\u00eantico tods pode oferecer.<\/p>\n","protected":false},"excerpt":{"rendered":"<p>Perfeito para o homem que valorizam o luxo discreto e o design atemporal. Um mocassim pensado para ambientes de trabalho, assim como, momentos casuais.<\/p>\n","protected":false},"featured_media":44259,"comment_status":"open","ping_status":"closed","template":"","meta":{"_acf_changed":false},"product_brand":[],"product_cat":[1493,1495,313],"product_tag":[312,2093,926,2094,1282,2095,920,317],"class_list":{"0":"post-44954","1":"product","2":"type-product","3":"status-publish","4":"has-post-thumbnail","6":"product_cat-calcados","7":"product_cat-mocassim","8":"product_cat-sapato-couro","9":"product_tag-sapato","10":"product_tag-sapato-camurca-couro","11":"product_tag-sapato-couro","12":"product_tag-sapato-couro-marrom","13":"product_tag-sapato-marrom","14":"product_tag-sapato-marrom-couro","15":"product_tag-sapato-masculino","16":"product_tag-sapato-de-couro","18":"first","19":"instock","20":"taxable","21":"shipping-taxable","22":"purchasable","23":"product-type-variable"},"acf":[],"yoast_head":"<!-- This site is optimized with the Yoast SEO plugin v25.3.1 - https:\/\/yoast.com\/wordpress\/plugins\/seo\/ -->\n<title>Mocassim Marrom Couro - Augusto Camiseiro<\/title>\n<meta name=\"description\" content=\"Mocassim marrom, feito com couro, dando um requinte a mais, desse jeito, elevando o estilo do homem moderno. Ideal para uso casual ou elegante.\" \/>\n<meta name=\"robots\" content=\"index, follow, max-snippet:-1, max-image-preview:large, max-video-preview:-1\" \/>\n<link rel=\"canonical\" href=\"https:\/\/augustocamiseiro.com\/lojaweb\/produto\/mocassim-tods-marrom-couro\/\" \/>\n<meta property=\"og:locale\" content=\"pt_BR\" \/>\n<meta property=\"og:type\" content=\"article\" \/>\n<meta property=\"og:title\" content=\"Mocassim Marrom Couro - Augusto Camiseiro\" \/>\n<meta property=\"og:description\" content=\"Mocassim marrom, feito com couro, dando um requinte a mais, desse jeito, elevando o estilo do homem moderno. Ideal para uso casual ou elegante.\" \/>\n<meta property=\"og:url\" content=\"https:\/\/augustocamiseiro.com\/lojaweb\/produto\/mocassim-tods-marrom-couro\/\" \/>\n<meta property=\"og:site_name\" content=\"Augusto Camiseiro\" \/>\n<meta property=\"article:modified_time\" content=\"2026-04-15T20:42:29+00:00\" \/>\n<meta property=\"og:image\" content=\"https:\/\/augustocamiseiro.com\/lojaweb\/wp-content\/uploads\/2025\/04\/sapato-tods-couro-marrom-ref4451_web.webp\" \/>\n\t<meta property=\"og:image:width\" content=\"1100\" \/>\n\t<meta property=\"og:image:height\" content=\"1375\" \/>\n\t<meta property=\"og:image:type\" content=\"image\/webp\" \/>\n<meta name=\"twitter:card\" content=\"summary_large_image\" \/>\n<meta name=\"twitter:label1\" content=\"Est. tempo de leitura\" \/>\n\t<meta name=\"twitter:data1\" content=\"1 minuto\" \/>\n<!-- \/ Yoast SEO plugin. -->","yoast_head_json":{"title":"Mocassim Marrom Couro - Augusto Camiseiro","description":"Mocassim marrom, feito com couro, dando um requinte a mais, desse jeito, elevando o estilo do homem moderno. Ideal para uso casual ou elegante.","robots":{"index":"index","follow":"follow","max-snippet":"max-snippet:-1","max-image-preview":"max-image-preview:large","max-video-preview":"max-video-preview:-1"},"canonical":"https:\/\/augustocamiseiro.com\/lojaweb\/produto\/mocassim-tods-marrom-couro\/","og_locale":"pt_BR","og_type":"article","og_title":"Mocassim Marrom Couro - Augusto Camiseiro","og_description":"Mocassim marrom, feito com couro, dando um requinte a mais, desse jeito, elevando o estilo do homem moderno. Ideal para uso casual ou elegante.","og_url":"https:\/\/augustocamiseiro.com\/lojaweb\/produto\/mocassim-tods-marrom-couro\/","og_site_name":"Augusto Camiseiro","article_modified_time":"2026-04-15T20:42:29+00:00","og_image":[{"width":1100,"height":1375,"url":"https:\/\/augustocamiseiro.com\/lojaweb\/wp-content\/uploads\/2025\/04\/sapato-tods-couro-marrom-ref4451_web.webp","type":"image\/webp"}],"twitter_card":"summary_large_image","twitter_misc":{"Est. tempo de leitura":"1 minuto"},"schema":{"@context":"https:\/\/schema.org","@graph":[{"@type":"WebPage","@id":"https:\/\/augustocamiseiro.com\/lojaweb\/produto\/mocassim-tods-marrom-couro\/","url":"https:\/\/augustocamiseiro.com\/lojaweb\/produto\/mocassim-tods-marrom-couro\/","name":"Mocassim Marrom Couro - Augusto Camiseiro","isPartOf":{"@id":"https:\/\/augustocamiseiro.com\/lojaweb\/#website"},"primaryImageOfPage":{"@id":"https:\/\/augustocamiseiro.com\/lojaweb\/produto\/mocassim-tods-marrom-couro\/#primaryimage"},"image":{"@id":"https:\/\/augustocamiseiro.com\/lojaweb\/produto\/mocassim-tods-marrom-couro\/#primaryimage"},"thumbnailUrl":"https:\/\/i0.wp.com\/augustocamiseiro.com\/lojaweb\/wp-content\/uploads\/2025\/04\/sapato-tods-couro-marrom-ref4451_web.webp?fit=1100%2C1375&ssl=1","datePublished":"2025-06-10T17:53:50+00:00","dateModified":"2026-04-15T20:42:29+00:00","description":"Mocassim marrom, feito com couro, dando um requinte a mais, desse jeito, elevando o estilo do homem moderno. Ideal para uso casual ou elegante.","breadcrumb":{"@id":"https:\/\/augustocamiseiro.com\/lojaweb\/produto\/mocassim-tods-marrom-couro\/#breadcrumb"},"inLanguage":"pt-BR","potentialAction":[{"@type":"ReadAction","target":["https:\/\/augustocamiseiro.com\/lojaweb\/produto\/mocassim-tods-marrom-couro\/"]}]},{"@type":"ImageObject","inLanguage":"pt-BR","@id":"https:\/\/augustocamiseiro.com\/lojaweb\/produto\/mocassim-tods-marrom-couro\/#primaryimage","url":"https:\/\/i0.wp.com\/augustocamiseiro.com\/lojaweb\/wp-content\/uploads\/2025\/04\/sapato-tods-couro-marrom-ref4451_web.webp?fit=1100%2C1375&ssl=1","contentUrl":"https:\/\/i0.wp.com\/augustocamiseiro.com\/lojaweb\/wp-content\/uploads\/2025\/04\/sapato-tods-couro-marrom-ref4451_web.webp?fit=1100%2C1375&ssl=1","width":1100,"height":1375,"caption":"mocassim tods couro marrom"},{"@type":"BreadcrumbList","@id":"https:\/\/augustocamiseiro.com\/lojaweb\/produto\/mocassim-tods-marrom-couro\/#breadcrumb","itemListElement":[{"@type":"ListItem","position":1,"name":"In\u00edcio","item":"https:\/\/augustocamiseiro.com\/lojaweb\/"},{"@type":"ListItem","position":2,"name":"Shop","item":"https:\/\/augustocamiseiro.com\/lojaweb\/shop\/"},{"@type":"ListItem","position":3,"name":"Mocassim Marrom Couro"}]},{"@type":"WebSite","@id":"https:\/\/augustocamiseiro.com\/lojaweb\/#website","url":"https:\/\/augustocamiseiro.com\/lojaweb\/","name":"Augusto Camiseiro","description":"Roupa Masculina","publisher":{"@id":"https:\/\/augustocamiseiro.com\/lojaweb\/#organization"},"potentialAction":[{"@type":"SearchAction","target":{"@type":"EntryPoint","urlTemplate":"https:\/\/augustocamiseiro.com\/lojaweb\/?s={search_term_string}"},"query-input":{"@type":"PropertyValueSpecification","valueRequired":true,"valueName":"search_term_string"}}],"inLanguage":"pt-BR"},{"@type":"Organization","@id":"https:\/\/augustocamiseiro.com\/lojaweb\/#organization","name":"Augusto Camiseiro","url":"https:\/\/augustocamiseiro.com\/lojaweb\/","logo":{"@type":"ImageObject","inLanguage":"pt-BR","@id":"https:\/\/augustocamiseiro.com\/lojaweb\/#\/schema\/logo\/image\/","url":"https:\/\/i0.wp.com\/augustocamiseiro.com\/lojaweb\/wp-content\/uploads\/2024\/04\/cropped-logo-augusto-white-1.png?fit=550%2C310&ssl=1","contentUrl":"https:\/\/i0.wp.com\/augustocamiseiro.com\/lojaweb\/wp-content\/uploads\/2024\/04\/cropped-logo-augusto-white-1.png?fit=550%2C310&ssl=1","width":550,"height":310,"caption":"Augusto Camiseiro"},"image":{"@id":"https:\/\/augustocamiseiro.com\/lojaweb\/#\/schema\/logo\/image\/"}}]}},"jetpack_sharing_enabled":true,"_links":{"self":[{"href":"https:\/\/augustocamiseiro.com\/lojaweb\/wp-json\/wp\/v2\/product\/44954","targetHints":{"allow":["GET"]}}],"collection":[{"href":"https:\/\/augustocamiseiro.com\/lojaweb\/wp-json\/wp\/v2\/product"}],"about":[{"href":"https:\/\/augustocamiseiro.com\/lojaweb\/wp-json\/wp\/v2\/types\/product"}],"replies":[{"embeddable":true,"href":"https:\/\/augustocamiseiro.com\/lojaweb\/wp-json\/wp\/v2\/comments?post=44954"}],"wp:featuredmedia":[{"embeddable":true,"href":"https:\/\/augustocamiseiro.com\/lojaweb\/wp-json\/wp\/v2\/media\/44259"}],"wp:attachment":[{"href":"https:\/\/augustocamiseiro.com\/lojaweb\/wp-json\/wp\/v2\/media?parent=44954"}],"wp:term":[{"taxonomy":"product_brand","embeddable":true,"href":"https:\/\/augustocamiseiro.com\/lojaweb\/wp-json\/wp\/v2\/product_brand?post=44954"},{"taxonomy":"product_cat","embeddable":true,"href":"https:\/\/augustocamiseiro.com\/lojaweb\/wp-json\/wp\/v2\/product_cat?post=44954"},{"taxonomy":"product_tag","embeddable":true,"href":"https:\/\/augustocamiseiro.com\/lojaweb\/wp-json\/wp\/v2\/product_tag?post=44954"}],"curies":[{"name":"wp","href":"https:\/\/api.w.org\/{rel}","templated":true}]}}