{"id":43647,"date":"2025-03-20T16:38:28","date_gmt":"2025-03-20T16:38:28","guid":{"rendered":"https:\/\/augustocamiseiro.com\/lojaweb\/?post_type=product&#038;p=43647"},"modified":"2026-08-28T17:12:09","modified_gmt":"2026-08-28T20:12:09","slug":"calca-jeans-azul-marinho","status":"publish","type":"product","link":"https:\/\/augustocamiseiro.com\/lojaweb\/produto\/calca-jeans-azul-marinho\/","title":{"rendered":"Cal\u00e7a Jeans Azul Marinho"},"content":{"rendered":"<p>Cal\u00e7a jeans azul marinho \u00e9 uma excelente op\u00e7\u00e3o de cal\u00e7a casual. Em parte devido \u00e0 sua praticidade, assim como sua versatilidade na composi\u00e7\u00e3o com diversos looks.<\/p>\n<p>Igualmente se tem muito conforto devido ao elastano e ainda muito estilo, pois seu caimento slimfit empresta um visual moderno a esta pe\u00e7a atemporal.<\/p>\n<p>O que algu\u00e9m pode mais querer al\u00e9m de caimento, conforto e praticidade?<\/p>\n","protected":false},"excerpt":{"rendered":"<p>Cal\u00e7a jeans azul marinho. Algod\u00e3o com elastano e caimento slimfit. Conforto e modernidade em um jeans atemporal.<\/p>\n<ul>\n<li>81% algod\u00e3o<\/li>\n<li>17% poli\u00e9ster<\/li>\n<li>2% elastano<\/li>\n<\/ul>\n","protected":false},"featured_media":45027,"comment_status":"open","ping_status":"closed","template":"","meta":{"_acf_changed":false},"product_brand":[],"product_cat":[2527],"product_tag":[409,359,418,642,1890,643,1780,1891,1292,1815,414,645,1098,1892,1406,416],"class_list":["post-43647","product","type-product","status-publish","has-post-thumbnail","product_cat-calcas","product_tag-calca","product_tag-calca-azul","product_tag-calca-casual","product_tag-calca-jeans","product_tag-calca-jeans-azul","product_tag-calca-jeans-casual","product_tag-calca-jeans-masculina","product_tag-calca-jeans-masculina-azul","product_tag-calca-masculina","product_tag-calca-masculina-azul","product_tag-casual","product_tag-jeans","product_tag-jeans-azul","product_tag-moda-jeans","product_tag-moda-masculina","product_tag-slim-fit","first","instock","shipping-taxable","purchasable","product-type-variable"],"acf":[],"yoast_head":"<!-- This site is optimized with the Yoast SEO plugin v25.3.1 - https:\/\/yoast.com\/wordpress\/plugins\/seo\/ -->\n<title>Cal\u00e7a Jeans Azul Marinho - Augusto Camiseiro - Slimfit - Elastano<\/title>\n<meta name=\"description\" content=\"Cal\u00e7a jeans azul marinho. Composi\u00e7\u00e3o de jeans com elastano para maior conforto. Modelagem slimfit.\" \/>\n<meta name=\"robots\" content=\"index, follow, max-snippet:-1, max-image-preview:large, max-video-preview:-1\" \/>\n<link rel=\"canonical\" href=\"https:\/\/augustocamiseiro.com\/lojaweb\/produto\/calca-jeans-azul-marinho\/\" \/>\n<meta property=\"og:locale\" content=\"pt_BR\" \/>\n<meta property=\"og:type\" content=\"article\" \/>\n<meta property=\"og:title\" content=\"Cal\u00e7a Jeans Azul Marinho - Augusto Camiseiro - Slimfit - Elastano\" \/>\n<meta property=\"og:description\" content=\"Cal\u00e7a jeans azul marinho. Composi\u00e7\u00e3o de jeans com elastano para maior conforto. Modelagem slimfit.\" \/>\n<meta property=\"og:url\" content=\"https:\/\/augustocamiseiro.com\/lojaweb\/produto\/calca-jeans-azul-marinho\/\" \/>\n<meta property=\"og:site_name\" content=\"Augusto Camiseiro\" \/>\n<meta property=\"article:modified_time\" content=\"2026-08-28T20:12:09+00:00\" \/>\n<meta property=\"og:image\" content=\"https:\/\/augustocamiseiro.com\/lojaweb\/wp-content\/uploads\/2025\/06\/calca-jeans-azul-marinho-4334_web.webp\" \/>\n\t<meta property=\"og:image:width\" content=\"1100\" \/>\n\t<meta property=\"og:image:height\" content=\"1375\" \/>\n\t<meta property=\"og:image:type\" content=\"image\/webp\" \/>\n<meta name=\"twitter:card\" content=\"summary_large_image\" \/>\n<meta name=\"twitter:label1\" content=\"Est. tempo de leitura\" \/>\n\t<meta name=\"twitter:data1\" content=\"1 minuto\" \/>\n<!-- \/ Yoast SEO plugin. -->","yoast_head_json":{"title":"Cal\u00e7a Jeans Azul Marinho - Augusto Camiseiro - Slimfit - Elastano","description":"Cal\u00e7a jeans azul marinho. Composi\u00e7\u00e3o de jeans com elastano para maior conforto. Modelagem slimfit.","robots":{"index":"index","follow":"follow","max-snippet":"max-snippet:-1","max-image-preview":"max-image-preview:large","max-video-preview":"max-video-preview:-1"},"canonical":"https:\/\/augustocamiseiro.com\/lojaweb\/produto\/calca-jeans-azul-marinho\/","og_locale":"pt_BR","og_type":"article","og_title":"Cal\u00e7a Jeans Azul Marinho - Augusto Camiseiro - Slimfit - Elastano","og_description":"Cal\u00e7a jeans azul marinho. Composi\u00e7\u00e3o de jeans com elastano para maior conforto. Modelagem slimfit.","og_url":"https:\/\/augustocamiseiro.com\/lojaweb\/produto\/calca-jeans-azul-marinho\/","og_site_name":"Augusto Camiseiro","article_modified_time":"2026-08-28T20:12:09+00:00","og_image":[{"width":1100,"height":1375,"url":"https:\/\/augustocamiseiro.com\/lojaweb\/wp-content\/uploads\/2025\/06\/calca-jeans-azul-marinho-4334_web.webp","type":"image\/webp"}],"twitter_card":"summary_large_image","twitter_misc":{"Est. tempo de leitura":"1 minuto"},"schema":{"@context":"https:\/\/schema.org","@graph":[{"@type":"WebPage","@id":"https:\/\/augustocamiseiro.com\/lojaweb\/produto\/calca-jeans-azul-marinho\/","url":"https:\/\/augustocamiseiro.com\/lojaweb\/produto\/calca-jeans-azul-marinho\/","name":"Cal\u00e7a Jeans Azul Marinho - Augusto Camiseiro - Slimfit - Elastano","isPartOf":{"@id":"https:\/\/augustocamiseiro.com\/lojaweb\/#website"},"primaryImageOfPage":{"@id":"https:\/\/augustocamiseiro.com\/lojaweb\/produto\/calca-jeans-azul-marinho\/#primaryimage"},"image":{"@id":"https:\/\/augustocamiseiro.com\/lojaweb\/produto\/calca-jeans-azul-marinho\/#primaryimage"},"thumbnailUrl":"https:\/\/i0.wp.com\/augustocamiseiro.com\/lojaweb\/wp-content\/uploads\/2025\/06\/calca-jeans-azul-marinho-4334_web.webp?fit=1100%2C1375&ssl=1","datePublished":"2025-03-20T16:38:28+00:00","dateModified":"2026-08-28T20:12:09+00:00","description":"Cal\u00e7a jeans azul marinho. Composi\u00e7\u00e3o de jeans com elastano para maior conforto. Modelagem slimfit.","breadcrumb":{"@id":"https:\/\/augustocamiseiro.com\/lojaweb\/produto\/calca-jeans-azul-marinho\/#breadcrumb"},"inLanguage":"pt-BR","potentialAction":[{"@type":"ReadAction","target":["https:\/\/augustocamiseiro.com\/lojaweb\/produto\/calca-jeans-azul-marinho\/"]}]},{"@type":"ImageObject","inLanguage":"pt-BR","@id":"https:\/\/augustocamiseiro.com\/lojaweb\/produto\/calca-jeans-azul-marinho\/#primaryimage","url":"https:\/\/i0.wp.com\/augustocamiseiro.com\/lojaweb\/wp-content\/uploads\/2025\/06\/calca-jeans-azul-marinho-4334_web.webp?fit=1100%2C1375&ssl=1","contentUrl":"https:\/\/i0.wp.com\/augustocamiseiro.com\/lojaweb\/wp-content\/uploads\/2025\/06\/calca-jeans-azul-marinho-4334_web.webp?fit=1100%2C1375&ssl=1","width":1100,"height":1375,"caption":"cal\u00e7a jeans escura cor azul marinho com bota marrom"},{"@type":"BreadcrumbList","@id":"https:\/\/augustocamiseiro.com\/lojaweb\/produto\/calca-jeans-azul-marinho\/#breadcrumb","itemListElement":[{"@type":"ListItem","position":1,"name":"In\u00edcio","item":"https:\/\/augustocamiseiro.com\/lojaweb\/"},{"@type":"ListItem","position":2,"name":"Shop","item":"https:\/\/augustocamiseiro.com\/lojaweb\/shop\/"},{"@type":"ListItem","position":3,"name":"Cal\u00e7a Jeans Azul Marinho"}]},{"@type":"WebSite","@id":"https:\/\/augustocamiseiro.com\/lojaweb\/#website","url":"https:\/\/augustocamiseiro.com\/lojaweb\/","name":"Augusto Camiseiro","description":"Roupa Masculina","publisher":{"@id":"https:\/\/augustocamiseiro.com\/lojaweb\/#organization"},"potentialAction":[{"@type":"SearchAction","target":{"@type":"EntryPoint","urlTemplate":"https:\/\/augustocamiseiro.com\/lojaweb\/?s={search_term_string}"},"query-input":{"@type":"PropertyValueSpecification","valueRequired":true,"valueName":"search_term_string"}}],"inLanguage":"pt-BR"},{"@type":"Organization","@id":"https:\/\/augustocamiseiro.com\/lojaweb\/#organization","name":"Augusto Camiseiro","url":"https:\/\/augustocamiseiro.com\/lojaweb\/","logo":{"@type":"ImageObject","inLanguage":"pt-BR","@id":"https:\/\/augustocamiseiro.com\/lojaweb\/#\/schema\/logo\/image\/","url":"https:\/\/i0.wp.com\/augustocamiseiro.com\/lojaweb\/wp-content\/uploads\/2024\/04\/cropped-logo-augusto-white-1.png?fit=550%2C310&ssl=1","contentUrl":"https:\/\/i0.wp.com\/augustocamiseiro.com\/lojaweb\/wp-content\/uploads\/2024\/04\/cropped-logo-augusto-white-1.png?fit=550%2C310&ssl=1","width":550,"height":310,"caption":"Augusto Camiseiro"},"image":{"@id":"https:\/\/augustocamiseiro.com\/lojaweb\/#\/schema\/logo\/image\/"}}]}},"jetpack_sharing_enabled":true,"_links":{"self":[{"href":"https:\/\/augustocamiseiro.com\/lojaweb\/wp-json\/wp\/v2\/product\/43647","targetHints":{"allow":["GET"]}}],"collection":[{"href":"https:\/\/augustocamiseiro.com\/lojaweb\/wp-json\/wp\/v2\/product"}],"about":[{"href":"https:\/\/augustocamiseiro.com\/lojaweb\/wp-json\/wp\/v2\/types\/product"}],"replies":[{"embeddable":true,"href":"https:\/\/augustocamiseiro.com\/lojaweb\/wp-json\/wp\/v2\/comments?post=43647"}],"wp:featuredmedia":[{"embeddable":true,"href":"https:\/\/augustocamiseiro.com\/lojaweb\/wp-json\/wp\/v2\/media\/45027"}],"wp:attachment":[{"href":"https:\/\/augustocamiseiro.com\/lojaweb\/wp-json\/wp\/v2\/media?parent=43647"}],"wp:term":[{"taxonomy":"product_brand","embeddable":true,"href":"https:\/\/augustocamiseiro.com\/lojaweb\/wp-json\/wp\/v2\/product_brand?post=43647"},{"taxonomy":"product_cat","embeddable":true,"href":"https:\/\/augustocamiseiro.com\/lojaweb\/wp-json\/wp\/v2\/product_cat?post=43647"},{"taxonomy":"product_tag","embeddable":true,"href":"https:\/\/augustocamiseiro.com\/lojaweb\/wp-json\/wp\/v2\/product_tag?post=43647"}],"curies":[{"name":"wp","href":"https:\/\/api.w.org\/{rel}","templated":true}]}}

Calça Jeans Azul Marinho

<p>Calça jeans azul marinho é uma excelente opção de calça casual. Em parte devido à sua praticidade, assim como sua versatilidade na composição com diversos looks.</p>
<p>Igualmente se tem muito conforto devido ao elastano e ainda muito estilo, pois seu caimento slimfit empresta um visual moderno a esta peça atemporal.</p>
<p>O que alguém pode mais querer além de caimento, conforto e praticidade?</p>

<p>Calça jeans azul marinho. Algodão com elastano e caimento slimfit. Conforto e modernidade em um jeans atemporal.</p>
<ul>
<li>81% algodão</li>
<li>17% poliéster</li>
<li>2% elastano</li>
</ul>

<!-- This site is optimized with the Yoast SEO plugin v25.3.1 - https://yoast.com/wordpress/plugins/seo/ -->
<title>Calça Jeans Azul Marinho - Augusto Camiseiro - Slimfit - Elastano</title>
<meta name="description" content="Calça jeans azul marinho. Composição de jeans com elastano para maior conforto. Modelagem slimfit." />
<meta name="robots" content="index, follow, max-snippet:-1, max-image-preview:large, max-video-preview:-1" />
<link rel="canonical" href="https://augustocamiseiro.com/lojaweb/produto/calca-jeans-azul-marinho/" />
<meta property="og:locale" content="pt_BR" />
<meta property="og:type" content="article" />
<meta property="og:title" content="Calça Jeans Azul Marinho - Augusto Camiseiro - Slimfit - Elastano" />
<meta property="og:description" content="Calça jeans azul marinho. Composição de jeans com elastano para maior conforto. Modelagem slimfit." />
<meta property="og:url" content="https://augustocamiseiro.com/lojaweb/produto/calca-jeans-azul-marinho/" />
<meta property="og:site_name" content="Augusto Camiseiro" />
<meta property="article:modified_time" content="2026-08-28T20:12:09+00:00" />
<meta property="og:image" content="https://augustocamiseiro.com/lojaweb/wp-content/uploads/2025/06/calca-jeans-azul-marinho-4334_web.webp" />
	<meta property="og:image:width" content="1100" />
	<meta property="og:image:height" content="1375" />
	<meta property="og:image:type" content="image/webp" />
<meta name="twitter:card" content="summary_large_image" />
<meta name="twitter:label1" content="Est. tempo de leitura" />
	<meta name="twitter:data1" content="1 minuto" />
<!-- / Yoast SEO plugin. -->

Calça Jeans Azul Marinho - Augusto Camiseiro - Slimfit - Elastano

Calça jeans azul marinho. Composição de jeans com elastano para maior conforto. Modelagem slimfit.

calça jeans escura cor azul marinho com bota marrom

Início
