{"id":41719,"date":"2024-08-08T17:24:04","date_gmt":"2024-08-08T17:24:04","guid":{"rendered":"https:\/\/augustocamiseiro.com\/lojaweb\/?post_type=product&#038;p=41719"},"modified":"2026-04-20T21:09:54","modified_gmt":"2026-04-20T21:09:54","slug":"calca-sarja-cargo","status":"publish","type":"product","link":"https:\/\/augustocamiseiro.com\/lojaweb\/produto\/calca-sarja-cargo\/","title":{"rendered":"Cal\u00e7a Sarja Cargo"},"content":{"rendered":"<p>Apresentamos nossa cal\u00e7a cargo. Confeccionada em tecido resistente de alta qualidade, uma pe\u00e7a que une o estilo contempor\u00e2neo e praticidade. Esta cal\u00e7a oferece o m\u00e1ximo conforto e durabilidade.<\/p>\n<p>Os bolsos utilit\u00e1rios s\u00e3o ideais para quem busca funcionalidade sem abrir m\u00e3o da eleg\u00e2ncia. Com um corte moderno e ajustado, ela \u00e9 perfeita para compor looks despojados ou sofisticados, seja para um dia casual ou um encontro mais informal. Invista em uma pe\u00e7a que se adapta ao seu estilo de vida din\u00e2mico, com a sofistica\u00e7\u00e3o que voc\u00ea merece.<\/p>\n<p>&nbsp;<\/p>\n<p>&nbsp;<\/p>\n","protected":false},"excerpt":{"rendered":"<p><strong>Composi\u00e7\u00e3o:<\/strong><\/p>\n<ul>\n<li>Algod\u00e3o &#8211; 98%<\/li>\n<li>Elastano &#8211; 2%<\/li>\n<li>Forro do bolso &#8211; 100% algod\u00e3o<\/li>\n<\/ul>\n","protected":false},"featured_media":41684,"comment_status":"open","ping_status":"closed","template":"","meta":{"_acf_changed":false},"product_brand":[],"product_cat":[362],"product_tag":[359,1595,1593,500,1292,964,1594,1596,1563,1597],"class_list":{"0":"post-41719","1":"product","2":"type-product","3":"status-publish","4":"has-post-thumbnail","6":"product_cat-calcas","7":"product_tag-calca-azul","8":"product_tag-calca-cargo","9":"product_tag-calca-cru","10":"product_tag-calca-esportiva","11":"product_tag-calca-masculina","12":"product_tag-calca-preta","13":"product_tag-cargo","14":"product_tag-estilo","15":"product_tag-estilo-esportivo","16":"product_tag-moderno","18":"first","19":"instock","20":"taxable","21":"shipping-taxable","22":"purchasable","23":"product-type-variable"},"acf":[],"yoast_head":"<!-- This site is optimized with the Yoast SEO plugin v25.3.1 - https:\/\/yoast.com\/wordpress\/plugins\/seo\/ -->\n<title>Cal\u00e7a Sarja Cargo - Augusto Camiseiro<\/title>\n<meta name=\"description\" content=\"Cal\u00e7a Cargo, combina\u00e7\u00e3o de estilo informal com eleg\u00e2ncia. Excelente look para se usar em locais descontra\u00eddos, eventos festivos.\" \/>\n<meta name=\"robots\" content=\"index, follow, max-snippet:-1, max-image-preview:large, max-video-preview:-1\" \/>\n<link rel=\"canonical\" href=\"https:\/\/augustocamiseiro.com\/lojaweb\/produto\/calca-sarja-cargo\/\" \/>\n<meta property=\"og:locale\" content=\"pt_BR\" \/>\n<meta property=\"og:type\" content=\"article\" \/>\n<meta property=\"og:title\" content=\"Cal\u00e7a Sarja Cargo - Augusto Camiseiro\" \/>\n<meta property=\"og:description\" content=\"Cal\u00e7a Cargo, combina\u00e7\u00e3o de estilo informal com eleg\u00e2ncia. Excelente look para se usar em locais descontra\u00eddos, eventos festivos.\" \/>\n<meta property=\"og:url\" content=\"https:\/\/augustocamiseiro.com\/lojaweb\/produto\/calca-sarja-cargo\/\" \/>\n<meta property=\"og:site_name\" content=\"Augusto Camiseiro\" \/>\n<meta property=\"article:modified_time\" content=\"2026-04-20T21:09:54+00:00\" \/>\n<meta property=\"og:image\" content=\"https:\/\/augustocamiseiro.com\/lojaweb\/wp-content\/uploads\/2024\/07\/calca-sarja-cargo-cru-ref4180.jpg\" \/>\n\t<meta property=\"og:image:width\" content=\"1080\" \/>\n\t<meta property=\"og:image:height\" content=\"1350\" \/>\n\t<meta property=\"og:image:type\" content=\"image\/jpeg\" \/>\n<meta name=\"twitter:card\" content=\"summary_large_image\" \/>\n<meta name=\"twitter:label1\" content=\"Est. tempo de leitura\" \/>\n\t<meta name=\"twitter:data1\" content=\"1 minuto\" \/>\n<!-- \/ Yoast SEO plugin. -->","yoast_head_json":{"title":"Cal\u00e7a Sarja Cargo - Augusto Camiseiro","description":"Cal\u00e7a Cargo, combina\u00e7\u00e3o de estilo informal com eleg\u00e2ncia. Excelente look para se usar em locais descontra\u00eddos, eventos festivos.","robots":{"index":"index","follow":"follow","max-snippet":"max-snippet:-1","max-image-preview":"max-image-preview:large","max-video-preview":"max-video-preview:-1"},"canonical":"https:\/\/augustocamiseiro.com\/lojaweb\/produto\/calca-sarja-cargo\/","og_locale":"pt_BR","og_type":"article","og_title":"Cal\u00e7a Sarja Cargo - Augusto Camiseiro","og_description":"Cal\u00e7a Cargo, combina\u00e7\u00e3o de estilo informal com eleg\u00e2ncia. Excelente look para se usar em locais descontra\u00eddos, eventos festivos.","og_url":"https:\/\/augustocamiseiro.com\/lojaweb\/produto\/calca-sarja-cargo\/","og_site_name":"Augusto Camiseiro","article_modified_time":"2026-04-20T21:09:54+00:00","og_image":[{"width":1080,"height":1350,"url":"https:\/\/augustocamiseiro.com\/lojaweb\/wp-content\/uploads\/2024\/07\/calca-sarja-cargo-cru-ref4180.jpg","type":"image\/jpeg"}],"twitter_card":"summary_large_image","twitter_misc":{"Est. tempo de leitura":"1 minuto"},"schema":{"@context":"https:\/\/schema.org","@graph":[{"@type":"WebPage","@id":"https:\/\/augustocamiseiro.com\/lojaweb\/produto\/calca-sarja-cargo\/","url":"https:\/\/augustocamiseiro.com\/lojaweb\/produto\/calca-sarja-cargo\/","name":"Cal\u00e7a Sarja Cargo - Augusto Camiseiro","isPartOf":{"@id":"https:\/\/augustocamiseiro.com\/lojaweb\/#website"},"primaryImageOfPage":{"@id":"https:\/\/augustocamiseiro.com\/lojaweb\/produto\/calca-sarja-cargo\/#primaryimage"},"image":{"@id":"https:\/\/augustocamiseiro.com\/lojaweb\/produto\/calca-sarja-cargo\/#primaryimage"},"thumbnailUrl":"https:\/\/i0.wp.com\/augustocamiseiro.com\/lojaweb\/wp-content\/uploads\/2024\/07\/calca-sarja-cargo-cru-ref4180.jpg?fit=1080%2C1350&ssl=1","datePublished":"2024-08-08T17:24:04+00:00","dateModified":"2026-04-20T21:09:54+00:00","description":"Cal\u00e7a Cargo, combina\u00e7\u00e3o de estilo informal com eleg\u00e2ncia. Excelente look para se usar em locais descontra\u00eddos, eventos festivos.","breadcrumb":{"@id":"https:\/\/augustocamiseiro.com\/lojaweb\/produto\/calca-sarja-cargo\/#breadcrumb"},"inLanguage":"pt-BR","potentialAction":[{"@type":"ReadAction","target":["https:\/\/augustocamiseiro.com\/lojaweb\/produto\/calca-sarja-cargo\/"]}]},{"@type":"ImageObject","inLanguage":"pt-BR","@id":"https:\/\/augustocamiseiro.com\/lojaweb\/produto\/calca-sarja-cargo\/#primaryimage","url":"https:\/\/i0.wp.com\/augustocamiseiro.com\/lojaweb\/wp-content\/uploads\/2024\/07\/calca-sarja-cargo-cru-ref4180.jpg?fit=1080%2C1350&ssl=1","contentUrl":"https:\/\/i0.wp.com\/augustocamiseiro.com\/lojaweb\/wp-content\/uploads\/2024\/07\/calca-sarja-cargo-cru-ref4180.jpg?fit=1080%2C1350&ssl=1","width":1080,"height":1350,"caption":"cal\u00e7a sarja cargo cru"},{"@type":"BreadcrumbList","@id":"https:\/\/augustocamiseiro.com\/lojaweb\/produto\/calca-sarja-cargo\/#breadcrumb","itemListElement":[{"@type":"ListItem","position":1,"name":"In\u00edcio","item":"https:\/\/augustocamiseiro.com\/lojaweb\/"},{"@type":"ListItem","position":2,"name":"Shop","item":"https:\/\/augustocamiseiro.com\/lojaweb\/shop\/"},{"@type":"ListItem","position":3,"name":"Cal\u00e7a Sarja Cargo"}]},{"@type":"WebSite","@id":"https:\/\/augustocamiseiro.com\/lojaweb\/#website","url":"https:\/\/augustocamiseiro.com\/lojaweb\/","name":"Augusto Camiseiro","description":"Roupa Masculina","publisher":{"@id":"https:\/\/augustocamiseiro.com\/lojaweb\/#organization"},"potentialAction":[{"@type":"SearchAction","target":{"@type":"EntryPoint","urlTemplate":"https:\/\/augustocamiseiro.com\/lojaweb\/?s={search_term_string}"},"query-input":{"@type":"PropertyValueSpecification","valueRequired":true,"valueName":"search_term_string"}}],"inLanguage":"pt-BR"},{"@type":"Organization","@id":"https:\/\/augustocamiseiro.com\/lojaweb\/#organization","name":"Augusto Camiseiro","url":"https:\/\/augustocamiseiro.com\/lojaweb\/","logo":{"@type":"ImageObject","inLanguage":"pt-BR","@id":"https:\/\/augustocamiseiro.com\/lojaweb\/#\/schema\/logo\/image\/","url":"https:\/\/i0.wp.com\/augustocamiseiro.com\/lojaweb\/wp-content\/uploads\/2024\/04\/cropped-logo-augusto-white-1.png?fit=550%2C310&ssl=1","contentUrl":"https:\/\/i0.wp.com\/augustocamiseiro.com\/lojaweb\/wp-content\/uploads\/2024\/04\/cropped-logo-augusto-white-1.png?fit=550%2C310&ssl=1","width":550,"height":310,"caption":"Augusto Camiseiro"},"image":{"@id":"https:\/\/augustocamiseiro.com\/lojaweb\/#\/schema\/logo\/image\/"}}]}},"jetpack_sharing_enabled":true,"_links":{"self":[{"href":"https:\/\/augustocamiseiro.com\/lojaweb\/wp-json\/wp\/v2\/product\/41719","targetHints":{"allow":["GET"]}}],"collection":[{"href":"https:\/\/augustocamiseiro.com\/lojaweb\/wp-json\/wp\/v2\/product"}],"about":[{"href":"https:\/\/augustocamiseiro.com\/lojaweb\/wp-json\/wp\/v2\/types\/product"}],"replies":[{"embeddable":true,"href":"https:\/\/augustocamiseiro.com\/lojaweb\/wp-json\/wp\/v2\/comments?post=41719"}],"wp:featuredmedia":[{"embeddable":true,"href":"https:\/\/augustocamiseiro.com\/lojaweb\/wp-json\/wp\/v2\/media\/41684"}],"wp:attachment":[{"href":"https:\/\/augustocamiseiro.com\/lojaweb\/wp-json\/wp\/v2\/media?parent=41719"}],"wp:term":[{"taxonomy":"product_brand","embeddable":true,"href":"https:\/\/augustocamiseiro.com\/lojaweb\/wp-json\/wp\/v2\/product_brand?post=41719"},{"taxonomy":"product_cat","embeddable":true,"href":"https:\/\/augustocamiseiro.com\/lojaweb\/wp-json\/wp\/v2\/product_cat?post=41719"},{"taxonomy":"product_tag","embeddable":true,"href":"https:\/\/augustocamiseiro.com\/lojaweb\/wp-json\/wp\/v2\/product_tag?post=41719"}],"curies":[{"name":"wp","href":"https:\/\/api.w.org\/{rel}","templated":true}]}}