{"id":26216,"date":"2024-04-19T12:50:18","date_gmt":"2024-04-19T12:50:18","guid":{"rendered":"https:\/\/bsit.com.br\/loja\/?post_type=product&#038;p=26216"},"modified":"2026-04-15T20:41:01","modified_gmt":"2026-04-15T20:41:01","slug":"sapato-social-couro-marrom","status":"publish","type":"product","link":"https:\/\/augustocamiseiro.com\/lojaweb\/produto\/sapato-social-couro-marrom\/","title":{"rendered":"Sapato Social Couro Marrom"},"content":{"rendered":"<p>Sapato social de couro na cor marrom. Sapato cl\u00e1ssico sem recortes, portanto uma op\u00e7\u00e3o perfeita para qualquer situa\u00e7\u00e3o formal, assim como, o trabalho. Al\u00e9m disso ideal para quem tem peito do p\u00e9 mais alto.<\/p>\n<p>Seu acabamento possui couro na parte interna e externa do sapato, solado com inser\u00e7\u00e3o antiderrapante em borracha, o que proporciona mais seguran\u00e7a. Al\u00e9m disso, cinco furos e palmilha mais macia.<\/p>\n","protected":false},"excerpt":{"rendered":"<p>Sapato Social Couro Marrom. Uma excelente op\u00e7\u00e3o para o trabalho, da mesma forma, ocasi\u00f5es formais. Possui antiderrapante na parte da sola, fortalecendo seguran\u00e7a em dias chuva e pisos muito lisos.<\/p>\n","protected":false},"featured_media":26253,"comment_status":"open","ping_status":"closed","template":"","meta":{"_acf_changed":false},"product_brand":[],"product_cat":[313],"product_tag":[309,1383,1503,312,926,1282,920,334],"class_list":{"0":"post-26216","1":"product","2":"type-product","3":"status-publish","4":"has-post-thumbnail","6":"product_cat-sapato-couro","7":"product_tag-couro","8":"product_tag-couro-marrom","9":"product_tag-dia-dos-namorados","10":"product_tag-sapato","11":"product_tag-sapato-couro","12":"product_tag-sapato-marrom","13":"product_tag-sapato-masculino","14":"product_tag-sapato-social","16":"first","17":"instock","18":"taxable","19":"shipping-taxable","20":"purchasable","21":"product-type-variable"},"acf":[],"yoast_head":"<!-- This site is optimized with the Yoast SEO plugin v25.3.1 - https:\/\/yoast.com\/wordpress\/plugins\/seo\/ -->\n<title>Sapato Social Couro Marrom - Augusto Camiseiro<\/title>\n<meta name=\"description\" content=\"Sapato Social Couro Marrom. Possui couro na parte interna e externa, inser\u00e7\u00e3o antiderrapante de borracha na sola. Perfeito para ocasi\u00f5es formais e trabalho.\" \/>\n<meta name=\"robots\" content=\"index, follow, max-snippet:-1, max-image-preview:large, max-video-preview:-1\" \/>\n<link rel=\"canonical\" href=\"https:\/\/augustocamiseiro.com\/lojaweb\/produto\/sapato-social-couro-marrom\/\" \/>\n<meta property=\"og:locale\" content=\"pt_BR\" \/>\n<meta property=\"og:type\" content=\"article\" \/>\n<meta property=\"og:title\" content=\"Sapato Social Couro Marrom - Augusto Camiseiro\" \/>\n<meta property=\"og:description\" content=\"Sapato Social Couro Marrom. Possui couro na parte interna e externa, inser\u00e7\u00e3o antiderrapante de borracha na sola. Perfeito para ocasi\u00f5es formais e trabalho.\" \/>\n<meta property=\"og:url\" content=\"https:\/\/augustocamiseiro.com\/lojaweb\/produto\/sapato-social-couro-marrom\/\" \/>\n<meta property=\"og:site_name\" content=\"Augusto Camiseiro\" \/>\n<meta property=\"article:modified_time\" content=\"2026-04-15T20:41:01+00:00\" \/>\n<meta property=\"og:image\" content=\"https:\/\/augustocamiseiro.com\/lojaweb\/wp-content\/uploads\/2024\/04\/sapato-tempest-mouro-noivo-4085.jpg\" \/>\n\t<meta property=\"og:image:width\" content=\"1080\" \/>\n\t<meta property=\"og:image:height\" content=\"1080\" \/>\n\t<meta property=\"og:image:type\" content=\"image\/jpeg\" \/>\n<meta name=\"twitter:card\" content=\"summary_large_image\" \/>\n<meta name=\"twitter:label1\" content=\"Est. tempo de leitura\" \/>\n\t<meta name=\"twitter:data1\" content=\"1 minuto\" \/>\n<!-- \/ Yoast SEO plugin. -->","yoast_head_json":{"title":"Sapato Social Couro Marrom - Augusto Camiseiro","description":"Sapato Social Couro Marrom. Possui couro na parte interna e externa, inser\u00e7\u00e3o antiderrapante de borracha na sola. Perfeito para ocasi\u00f5es formais e trabalho.","robots":{"index":"index","follow":"follow","max-snippet":"max-snippet:-1","max-image-preview":"max-image-preview:large","max-video-preview":"max-video-preview:-1"},"canonical":"https:\/\/augustocamiseiro.com\/lojaweb\/produto\/sapato-social-couro-marrom\/","og_locale":"pt_BR","og_type":"article","og_title":"Sapato Social Couro Marrom - Augusto Camiseiro","og_description":"Sapato Social Couro Marrom. Possui couro na parte interna e externa, inser\u00e7\u00e3o antiderrapante de borracha na sola. Perfeito para ocasi\u00f5es formais e trabalho.","og_url":"https:\/\/augustocamiseiro.com\/lojaweb\/produto\/sapato-social-couro-marrom\/","og_site_name":"Augusto Camiseiro","article_modified_time":"2026-04-15T20:41:01+00:00","og_image":[{"width":1080,"height":1080,"url":"https:\/\/augustocamiseiro.com\/lojaweb\/wp-content\/uploads\/2024\/04\/sapato-tempest-mouro-noivo-4085.jpg","type":"image\/jpeg"}],"twitter_card":"summary_large_image","twitter_misc":{"Est. tempo de leitura":"1 minuto"},"schema":{"@context":"https:\/\/schema.org","@graph":[{"@type":"WebPage","@id":"https:\/\/augustocamiseiro.com\/lojaweb\/produto\/sapato-social-couro-marrom\/","url":"https:\/\/augustocamiseiro.com\/lojaweb\/produto\/sapato-social-couro-marrom\/","name":"Sapato Social Couro Marrom - Augusto Camiseiro","isPartOf":{"@id":"https:\/\/augustocamiseiro.com\/lojaweb\/#website"},"primaryImageOfPage":{"@id":"https:\/\/augustocamiseiro.com\/lojaweb\/produto\/sapato-social-couro-marrom\/#primaryimage"},"image":{"@id":"https:\/\/augustocamiseiro.com\/lojaweb\/produto\/sapato-social-couro-marrom\/#primaryimage"},"thumbnailUrl":"https:\/\/i0.wp.com\/augustocamiseiro.com\/lojaweb\/wp-content\/uploads\/2024\/04\/sapato-tempest-mouro-noivo-4085.jpg?fit=1080%2C1080&ssl=1","datePublished":"2024-04-19T12:50:18+00:00","dateModified":"2026-04-15T20:41:01+00:00","description":"Sapato Social Couro Marrom. Possui couro na parte interna e externa, inser\u00e7\u00e3o antiderrapante de borracha na sola. Perfeito para ocasi\u00f5es formais e trabalho.","breadcrumb":{"@id":"https:\/\/augustocamiseiro.com\/lojaweb\/produto\/sapato-social-couro-marrom\/#breadcrumb"},"inLanguage":"pt-BR","potentialAction":[{"@type":"ReadAction","target":["https:\/\/augustocamiseiro.com\/lojaweb\/produto\/sapato-social-couro-marrom\/"]}]},{"@type":"ImageObject","inLanguage":"pt-BR","@id":"https:\/\/augustocamiseiro.com\/lojaweb\/produto\/sapato-social-couro-marrom\/#primaryimage","url":"https:\/\/i0.wp.com\/augustocamiseiro.com\/lojaweb\/wp-content\/uploads\/2024\/04\/sapato-tempest-mouro-noivo-4085.jpg?fit=1080%2C1080&ssl=1","contentUrl":"https:\/\/i0.wp.com\/augustocamiseiro.com\/lojaweb\/wp-content\/uploads\/2024\/04\/sapato-tempest-mouro-noivo-4085.jpg?fit=1080%2C1080&ssl=1","width":1080,"height":1080,"caption":"Sapato Social Couro Marrom"},{"@type":"BreadcrumbList","@id":"https:\/\/augustocamiseiro.com\/lojaweb\/produto\/sapato-social-couro-marrom\/#breadcrumb","itemListElement":[{"@type":"ListItem","position":1,"name":"In\u00edcio","item":"https:\/\/augustocamiseiro.com\/lojaweb\/"},{"@type":"ListItem","position":2,"name":"Shop","item":"https:\/\/augustocamiseiro.com\/lojaweb\/shop\/"},{"@type":"ListItem","position":3,"name":"Sapato Social Couro Marrom"}]},{"@type":"WebSite","@id":"https:\/\/augustocamiseiro.com\/lojaweb\/#website","url":"https:\/\/augustocamiseiro.com\/lojaweb\/","name":"Augusto Camiseiro","description":"Roupa Masculina","publisher":{"@id":"https:\/\/augustocamiseiro.com\/lojaweb\/#organization"},"potentialAction":[{"@type":"SearchAction","target":{"@type":"EntryPoint","urlTemplate":"https:\/\/augustocamiseiro.com\/lojaweb\/?s={search_term_string}"},"query-input":{"@type":"PropertyValueSpecification","valueRequired":true,"valueName":"search_term_string"}}],"inLanguage":"pt-BR"},{"@type":"Organization","@id":"https:\/\/augustocamiseiro.com\/lojaweb\/#organization","name":"Augusto Camiseiro","url":"https:\/\/augustocamiseiro.com\/lojaweb\/","logo":{"@type":"ImageObject","inLanguage":"pt-BR","@id":"https:\/\/augustocamiseiro.com\/lojaweb\/#\/schema\/logo\/image\/","url":"https:\/\/i0.wp.com\/augustocamiseiro.com\/lojaweb\/wp-content\/uploads\/2024\/04\/cropped-logo-augusto-white-1.png?fit=550%2C310&ssl=1","contentUrl":"https:\/\/i0.wp.com\/augustocamiseiro.com\/lojaweb\/wp-content\/uploads\/2024\/04\/cropped-logo-augusto-white-1.png?fit=550%2C310&ssl=1","width":550,"height":310,"caption":"Augusto Camiseiro"},"image":{"@id":"https:\/\/augustocamiseiro.com\/lojaweb\/#\/schema\/logo\/image\/"}}]}},"jetpack_sharing_enabled":true,"_links":{"self":[{"href":"https:\/\/augustocamiseiro.com\/lojaweb\/wp-json\/wp\/v2\/product\/26216","targetHints":{"allow":["GET"]}}],"collection":[{"href":"https:\/\/augustocamiseiro.com\/lojaweb\/wp-json\/wp\/v2\/product"}],"about":[{"href":"https:\/\/augustocamiseiro.com\/lojaweb\/wp-json\/wp\/v2\/types\/product"}],"replies":[{"embeddable":true,"href":"https:\/\/augustocamiseiro.com\/lojaweb\/wp-json\/wp\/v2\/comments?post=26216"}],"wp:featuredmedia":[{"embeddable":true,"href":"https:\/\/augustocamiseiro.com\/lojaweb\/wp-json\/wp\/v2\/media\/26253"}],"wp:attachment":[{"href":"https:\/\/augustocamiseiro.com\/lojaweb\/wp-json\/wp\/v2\/media?parent=26216"}],"wp:term":[{"taxonomy":"product_brand","embeddable":true,"href":"https:\/\/augustocamiseiro.com\/lojaweb\/wp-json\/wp\/v2\/product_brand?post=26216"},{"taxonomy":"product_cat","embeddable":true,"href":"https:\/\/augustocamiseiro.com\/lojaweb\/wp-json\/wp\/v2\/product_cat?post=26216"},{"taxonomy":"product_tag","embeddable":true,"href":"https:\/\/augustocamiseiro.com\/lojaweb\/wp-json\/wp\/v2\/product_tag?post=26216"}],"curies":[{"name":"wp","href":"https:\/\/api.w.org\/{rel}","templated":true}]}}