{"id":26008,"date":"2024-04-19T12:36:24","date_gmt":"2024-04-19T12:36:24","guid":{"rendered":"https:\/\/bsit.com.br\/loja\/?post_type=product&#038;p=26008"},"modified":"2026-04-15T20:40:47","modified_gmt":"2026-04-15T20:40:47","slug":"cinto-cadarco-elastico","status":"publish","type":"product","link":"https:\/\/augustocamiseiro.com\/lojaweb\/produto\/cinto-cadarco-elastico\/","title":{"rendered":"Cinto Cadar\u00e7o El\u00e1stico"},"content":{"rendered":"<p>O cinto masculino \u00e9 feito em cadar\u00e7o el\u00e1stico e com fivela de metal.<br \/>\nPortanto, \u00e9 uma \u00f3tima escolha para looks casuais e sport chic. Com op\u00e7\u00e3o nas cores:<\/p>\n<ul>\n<li>vermelho\/azul<\/li>\n<li>azul\/bege<\/li>\n<li>cru\/bord\u00f4\/azul<\/li>\n<li>bege\/azul (com dupla face).<\/li>\n<\/ul>\n<p>Aprenda a usar seu cinto com estas <a href=\"https:\/\/modaparahomens.com.br\/cinto-masculino-dicas-de-como-usar\/amp\/\">dicas de combina\u00e7\u00e3o<\/a>.<\/p>\n","protected":false},"excerpt":{"rendered":"<p>Cinto masculino em cadar\u00e7o el\u00e1stico. Com op\u00e7\u00f5es nas cores:<\/p>\n<ul>\n<li>azul\/bege<\/li>\n<li>cru\/bord\u00f4\/azul<\/li>\n<li>vermelho\/azul<\/li>\n<\/ul>\n<p>Al\u00e9m da op\u00e7\u00e3o\u00a0 dupla face nas cores bege\/azul.<\/p>\n","protected":false},"featured_media":26037,"comment_status":"open","ping_status":"closed","template":"","meta":{"_acf_changed":false},"product_brand":[],"product_cat":[1064,1099],"product_tag":[1100,414,1101,1356,1357,1358,1105,1359,1103,1104,1360,1503],"class_list":{"0":"post-26008","1":"product","2":"type-product","3":"status-publish","4":"has-post-thumbnail","6":"product_cat-acessorios","7":"product_cat-cintos-acessorios","8":"product_tag-acessorio-masculino","9":"product_tag-casual","10":"product_tag-cinto","11":"product_tag-cinto-azul","12":"product_tag-cinto-bege","13":"product_tag-cinto-bordo","14":"product_tag-cinto-casual","15":"product_tag-cinto-cru","16":"product_tag-cinto-de-couro","17":"product_tag-cinto-masculino","18":"product_tag-cinto-vermelho","19":"product_tag-dia-dos-namorados","21":"first","22":"instock","23":"shipping-taxable","24":"purchasable","25":"product-type-variable"},"acf":[],"yoast_head":"<!-- This site is optimized with the Yoast SEO plugin v25.3.1 - https:\/\/yoast.com\/wordpress\/plugins\/seo\/ -->\n<title>Cinto Cadar\u00e7o El\u00e1stico - Augusto Camiseiro<\/title>\n<meta name=\"description\" content=\"Cinto Cadar\u00e7o El\u00e1stico e com quatro op\u00e7\u00f5es de cor, trazendo uma delas em dupla face. conta com fivela de metal brilhante e cadar\u00e7o el\u00e1stico. Muito pr\u00e1tico.\" \/>\n<meta name=\"robots\" content=\"index, follow, max-snippet:-1, max-image-preview:large, max-video-preview:-1\" \/>\n<link rel=\"canonical\" href=\"https:\/\/augustocamiseiro.com\/lojaweb\/produto\/cinto-cadarco-elastico\/\" \/>\n<meta property=\"og:locale\" content=\"pt_BR\" \/>\n<meta property=\"og:type\" content=\"article\" \/>\n<meta property=\"og:title\" content=\"Cinto Cadar\u00e7o El\u00e1stico - Augusto Camiseiro\" \/>\n<meta property=\"og:description\" content=\"Cinto Cadar\u00e7o El\u00e1stico e com quatro op\u00e7\u00f5es de cor, trazendo uma delas em dupla face. conta com fivela de metal brilhante e cadar\u00e7o el\u00e1stico. Muito pr\u00e1tico.\" \/>\n<meta property=\"og:url\" content=\"https:\/\/augustocamiseiro.com\/lojaweb\/produto\/cinto-cadarco-elastico\/\" \/>\n<meta property=\"og:site_name\" content=\"Augusto Camiseiro\" \/>\n<meta property=\"article:modified_time\" content=\"2026-04-15T20:40:47+00:00\" \/>\n<meta property=\"og:image\" content=\"https:\/\/augustocamiseiro.com\/lojaweb\/wp-content\/uploads\/2024\/04\/cinto-lona-azul-cru-e-bordo-4035.jpg\" \/>\n\t<meta property=\"og:image:width\" content=\"1000\" \/>\n\t<meta property=\"og:image:height\" content=\"1000\" \/>\n\t<meta property=\"og:image:type\" content=\"image\/jpeg\" \/>\n<meta name=\"twitter:card\" content=\"summary_large_image\" \/>\n<meta name=\"twitter:label1\" content=\"Est. tempo de leitura\" \/>\n\t<meta name=\"twitter:data1\" content=\"1 minuto\" \/>\n<!-- \/ Yoast SEO plugin. -->","yoast_head_json":{"title":"Cinto Cadar\u00e7o El\u00e1stico - Augusto Camiseiro","description":"Cinto Cadar\u00e7o El\u00e1stico e com quatro op\u00e7\u00f5es de cor, trazendo uma delas em dupla face. conta com fivela de metal brilhante e cadar\u00e7o el\u00e1stico. Muito pr\u00e1tico.","robots":{"index":"index","follow":"follow","max-snippet":"max-snippet:-1","max-image-preview":"max-image-preview:large","max-video-preview":"max-video-preview:-1"},"canonical":"https:\/\/augustocamiseiro.com\/lojaweb\/produto\/cinto-cadarco-elastico\/","og_locale":"pt_BR","og_type":"article","og_title":"Cinto Cadar\u00e7o El\u00e1stico - Augusto Camiseiro","og_description":"Cinto Cadar\u00e7o El\u00e1stico e com quatro op\u00e7\u00f5es de cor, trazendo uma delas em dupla face. conta com fivela de metal brilhante e cadar\u00e7o el\u00e1stico. Muito pr\u00e1tico.","og_url":"https:\/\/augustocamiseiro.com\/lojaweb\/produto\/cinto-cadarco-elastico\/","og_site_name":"Augusto Camiseiro","article_modified_time":"2026-04-15T20:40:47+00:00","og_image":[{"width":1000,"height":1000,"url":"https:\/\/augustocamiseiro.com\/lojaweb\/wp-content\/uploads\/2024\/04\/cinto-lona-azul-cru-e-bordo-4035.jpg","type":"image\/jpeg"}],"twitter_card":"summary_large_image","twitter_misc":{"Est. tempo de leitura":"1 minuto"},"schema":{"@context":"https:\/\/schema.org","@graph":[{"@type":"WebPage","@id":"https:\/\/augustocamiseiro.com\/lojaweb\/produto\/cinto-cadarco-elastico\/","url":"https:\/\/augustocamiseiro.com\/lojaweb\/produto\/cinto-cadarco-elastico\/","name":"Cinto Cadar\u00e7o El\u00e1stico - Augusto Camiseiro","isPartOf":{"@id":"https:\/\/augustocamiseiro.com\/lojaweb\/#website"},"primaryImageOfPage":{"@id":"https:\/\/augustocamiseiro.com\/lojaweb\/produto\/cinto-cadarco-elastico\/#primaryimage"},"image":{"@id":"https:\/\/augustocamiseiro.com\/lojaweb\/produto\/cinto-cadarco-elastico\/#primaryimage"},"thumbnailUrl":"https:\/\/i0.wp.com\/augustocamiseiro.com\/lojaweb\/wp-content\/uploads\/2024\/04\/cinto-lona-azul-cru-e-bordo-4035.jpg?fit=1000%2C1000&ssl=1","datePublished":"2024-04-19T12:36:24+00:00","dateModified":"2026-04-15T20:40:47+00:00","description":"Cinto Cadar\u00e7o El\u00e1stico e com quatro op\u00e7\u00f5es de cor, trazendo uma delas em dupla face. conta com fivela de metal brilhante e cadar\u00e7o el\u00e1stico. Muito pr\u00e1tico.","breadcrumb":{"@id":"https:\/\/augustocamiseiro.com\/lojaweb\/produto\/cinto-cadarco-elastico\/#breadcrumb"},"inLanguage":"pt-BR","potentialAction":[{"@type":"ReadAction","target":["https:\/\/augustocamiseiro.com\/lojaweb\/produto\/cinto-cadarco-elastico\/"]}]},{"@type":"ImageObject","inLanguage":"pt-BR","@id":"https:\/\/augustocamiseiro.com\/lojaweb\/produto\/cinto-cadarco-elastico\/#primaryimage","url":"https:\/\/i0.wp.com\/augustocamiseiro.com\/lojaweb\/wp-content\/uploads\/2024\/04\/cinto-lona-azul-cru-e-bordo-4035.jpg?fit=1000%2C1000&ssl=1","contentUrl":"https:\/\/i0.wp.com\/augustocamiseiro.com\/lojaweb\/wp-content\/uploads\/2024\/04\/cinto-lona-azul-cru-e-bordo-4035.jpg?fit=1000%2C1000&ssl=1","width":1000,"height":1000},{"@type":"BreadcrumbList","@id":"https:\/\/augustocamiseiro.com\/lojaweb\/produto\/cinto-cadarco-elastico\/#breadcrumb","itemListElement":[{"@type":"ListItem","position":1,"name":"In\u00edcio","item":"https:\/\/augustocamiseiro.com\/lojaweb\/"},{"@type":"ListItem","position":2,"name":"Shop","item":"https:\/\/augustocamiseiro.com\/lojaweb\/shop\/"},{"@type":"ListItem","position":3,"name":"Cinto Cadar\u00e7o El\u00e1stico"}]},{"@type":"WebSite","@id":"https:\/\/augustocamiseiro.com\/lojaweb\/#website","url":"https:\/\/augustocamiseiro.com\/lojaweb\/","name":"Augusto Camiseiro","description":"Roupa Masculina","publisher":{"@id":"https:\/\/augustocamiseiro.com\/lojaweb\/#organization"},"potentialAction":[{"@type":"SearchAction","target":{"@type":"EntryPoint","urlTemplate":"https:\/\/augustocamiseiro.com\/lojaweb\/?s={search_term_string}"},"query-input":{"@type":"PropertyValueSpecification","valueRequired":true,"valueName":"search_term_string"}}],"inLanguage":"pt-BR"},{"@type":"Organization","@id":"https:\/\/augustocamiseiro.com\/lojaweb\/#organization","name":"Augusto Camiseiro","url":"https:\/\/augustocamiseiro.com\/lojaweb\/","logo":{"@type":"ImageObject","inLanguage":"pt-BR","@id":"https:\/\/augustocamiseiro.com\/lojaweb\/#\/schema\/logo\/image\/","url":"https:\/\/i0.wp.com\/augustocamiseiro.com\/lojaweb\/wp-content\/uploads\/2024\/04\/cropped-logo-augusto-white-1.png?fit=550%2C310&ssl=1","contentUrl":"https:\/\/i0.wp.com\/augustocamiseiro.com\/lojaweb\/wp-content\/uploads\/2024\/04\/cropped-logo-augusto-white-1.png?fit=550%2C310&ssl=1","width":550,"height":310,"caption":"Augusto Camiseiro"},"image":{"@id":"https:\/\/augustocamiseiro.com\/lojaweb\/#\/schema\/logo\/image\/"}}]}},"jetpack_sharing_enabled":true,"_links":{"self":[{"href":"https:\/\/augustocamiseiro.com\/lojaweb\/wp-json\/wp\/v2\/product\/26008","targetHints":{"allow":["GET"]}}],"collection":[{"href":"https:\/\/augustocamiseiro.com\/lojaweb\/wp-json\/wp\/v2\/product"}],"about":[{"href":"https:\/\/augustocamiseiro.com\/lojaweb\/wp-json\/wp\/v2\/types\/product"}],"replies":[{"embeddable":true,"href":"https:\/\/augustocamiseiro.com\/lojaweb\/wp-json\/wp\/v2\/comments?post=26008"}],"wp:featuredmedia":[{"embeddable":true,"href":"https:\/\/augustocamiseiro.com\/lojaweb\/wp-json\/wp\/v2\/media\/26037"}],"wp:attachment":[{"href":"https:\/\/augustocamiseiro.com\/lojaweb\/wp-json\/wp\/v2\/media?parent=26008"}],"wp:term":[{"taxonomy":"product_brand","embeddable":true,"href":"https:\/\/augustocamiseiro.com\/lojaweb\/wp-json\/wp\/v2\/product_brand?post=26008"},{"taxonomy":"product_cat","embeddable":true,"href":"https:\/\/augustocamiseiro.com\/lojaweb\/wp-json\/wp\/v2\/product_cat?post=26008"},{"taxonomy":"product_tag","embeddable":true,"href":"https:\/\/augustocamiseiro.com\/lojaweb\/wp-json\/wp\/v2\/product_tag?post=26008"}],"curies":[{"name":"wp","href":"https:\/\/api.w.org\/{rel}","templated":true}]}}