{"id":24433,"date":"2024-04-19T03:55:35","date_gmt":"2024-04-19T03:55:35","guid":{"rendered":"https:\/\/bsit.com.br\/loja\/?post_type=product&#038;p=24433"},"modified":"2026-04-15T20:38:17","modified_gmt":"2026-04-15T20:38:17","slug":"bermuda-sarja-laranja","status":"publish","type":"product","link":"https:\/\/augustocamiseiro.com\/lojaweb\/produto\/bermuda-sarja-laranja\/","title":{"rendered":"Bermuda Sarja Laranja"},"content":{"rendered":"<p>Bermuda sarja laranja.<\/p>\n<p>Composi\u00e7\u00e3o : 98% algod\u00e3o 2 % elastano. A fim de garantir mais conforto.<\/p>\n<p>Modelagem slimfit, mais moderna,\u00a0 e com caimento perfeito.<\/p>\n<p>Ainda temos o aspecto peletizado e os bolsos faca.<\/p>\n<p>Al\u00e9m disso, os\u00a0 acabamentos internos divertidos acabam por compor o\u00a0 visual da pe\u00e7a.<\/p>\n<p>Portanto, use nos fins de semana e praia. Assim como em qualquer momento relax seu.<\/p>\n<p>Certamente, uma bermuda sarja telha \u00e9 uma pe\u00e7a maravilhosa para qualquer look casual .<\/p>\n<p>Principalmente devido \u00e0 sua cor diferenciada . Ali\u00e1s , como \u00e9 bom ver a moda masculina ampliando formas de express\u00e3o.<\/p>\n<p>E antes de mais nada, que tal experimentar esses acompanhamentos ?<\/p>\n<p>Camisa <a href=\"https:\/\/augustocamiseiro.com\/lojaweb\/?product=camisa-azul-xadrez\">listrada azul xadrez<\/a> ou ent\u00e3o esta<span style=\"color: #00ff00\"><a style=\"color: #00ff00\" href=\"https:\/\/augustocamiseiro.com\/lojaweb\/?product=camiseta-pima-preta\"> camiseta preta<\/a><\/span> e <a href=\"https:\/\/augustocamiseiro.com\/lojaweb\/?product=__trashed-2\">mocassim camur\u00e7a<\/a><\/p>\n<p>Ou ainda fazer uma <span style=\"color: #00ff00\"><a style=\"color: #00ff00\" href=\"https:\/\/www.instagram.com\/p\/CL4-WJEpjGz\/\">camisa sob medida perfeita<\/a> <\/span>para essa bermuda.<\/p>\n<p>E por que n\u00e3o um look com <a href=\"https:\/\/www.instagram.com\/p\/CJE0wC0MjIG\/\"><span style=\"color: #00ff00\">uma camisa de linho<\/span><\/a>.<\/p>\n<p>Chega a ser at\u00e9 uma op\u00e7\u00e3o natural nesse tipo de uso casual.<\/p>\n<p>Especialmente para variar um pouco nas cores tradicionais.<\/p>\n<p>Com o prop\u00f3sito de cada pessoa poder se expressar na moda, usando as cores que gosta.<\/p>\n","protected":false},"excerpt":{"rendered":"<p>Bermuda de sarja laranja com elastano.<\/p>\n","protected":false},"featured_media":50577,"comment_status":"open","ping_status":"closed","template":"","meta":{"_acf_changed":false},"product_brand":[],"product_cat":[491,1068,493],"product_tag":[485,1381,486,487,1750,1751,1752,489,2439,1676,1678,1406,1408],"class_list":{"0":"post-24433","1":"product","2":"type-product","3":"status-publish","4":"has-post-thumbnail","6":"product_cat-bermudas","7":"product_cat-festa-na-praia-festas-de-fim-de-ano","8":"product_cat-festas-de-fim-de-ano","9":"product_tag-bermuda","10":"product_tag-bermuda-curta-masculina","11":"product_tag-bermuda-de-elastano","12":"product_tag-bermuda-de-sarja","13":"product_tag-bermuda-esportiva","14":"product_tag-bermuda-laranja","15":"product_tag-bermuda-masculina-laranja","16":"product_tag-bermuda-sarja","17":"product_tag-bermuda-sarja-promo-2026","18":"product_tag-bermuda-social","19":"product_tag-bermuda-social-masculina","20":"product_tag-moda-masculina","21":"product_tag-verao","23":"first","24":"instock","25":"sale","26":"shipping-taxable","27":"purchasable","28":"product-type-variable"},"acf":[],"yoast_head":"<!-- This site is optimized with the Yoast SEO plugin v25.3.1 - https:\/\/yoast.com\/wordpress\/plugins\/seo\/ -->\n<title>Bermuda Sarja Laranja - Augusto Camiseiro<\/title>\n<meta name=\"description\" content=\"Bermuda laranja. Feita em sarja de algod\u00e3o com elastano. Modelagem slimfit. Perfeita para praia e situa\u00e7\u00f5es casuais. Eleg\u00e2ncia e conforto.\" \/>\n<meta name=\"robots\" content=\"index, follow, max-snippet:-1, max-image-preview:large, max-video-preview:-1\" \/>\n<link rel=\"canonical\" href=\"https:\/\/augustocamiseiro.com\/lojaweb\/produto\/bermuda-sarja-laranja\/\" \/>\n<meta property=\"og:locale\" content=\"pt_BR\" \/>\n<meta property=\"og:type\" content=\"article\" \/>\n<meta property=\"og:title\" content=\"Bermuda Sarja Laranja - Augusto Camiseiro\" \/>\n<meta property=\"og:description\" content=\"Bermuda laranja. Feita em sarja de algod\u00e3o com elastano. Modelagem slimfit. Perfeita para praia e situa\u00e7\u00f5es casuais. Eleg\u00e2ncia e conforto.\" \/>\n<meta property=\"og:url\" content=\"https:\/\/augustocamiseiro.com\/lojaweb\/produto\/bermuda-sarja-laranja\/\" \/>\n<meta property=\"og:site_name\" content=\"Augusto Camiseiro\" \/>\n<meta property=\"article:modified_time\" content=\"2026-04-15T20:38:17+00:00\" \/>\n<meta property=\"og:image\" content=\"https:\/\/augustocamiseiro.com\/lojaweb\/wp-content\/uploads\/2024\/04\/bermuda_algodao_telha_ref3195_webp.webp\" \/>\n\t<meta property=\"og:image:width\" content=\"922\" \/>\n\t<meta property=\"og:image:height\" content=\"1152\" \/>\n\t<meta property=\"og:image:type\" content=\"image\/webp\" \/>\n<meta name=\"twitter:card\" content=\"summary_large_image\" \/>\n<meta name=\"twitter:label1\" content=\"Est. tempo de leitura\" \/>\n\t<meta name=\"twitter:data1\" content=\"2 minutos\" \/>\n<!-- \/ Yoast SEO plugin. -->","yoast_head_json":{"title":"Bermuda Sarja Laranja - Augusto Camiseiro","description":"Bermuda laranja. Feita em sarja de algod\u00e3o com elastano. Modelagem slimfit. Perfeita para praia e situa\u00e7\u00f5es casuais. Eleg\u00e2ncia e conforto.","robots":{"index":"index","follow":"follow","max-snippet":"max-snippet:-1","max-image-preview":"max-image-preview:large","max-video-preview":"max-video-preview:-1"},"canonical":"https:\/\/augustocamiseiro.com\/lojaweb\/produto\/bermuda-sarja-laranja\/","og_locale":"pt_BR","og_type":"article","og_title":"Bermuda Sarja Laranja - Augusto Camiseiro","og_description":"Bermuda laranja. Feita em sarja de algod\u00e3o com elastano. Modelagem slimfit. Perfeita para praia e situa\u00e7\u00f5es casuais. Eleg\u00e2ncia e conforto.","og_url":"https:\/\/augustocamiseiro.com\/lojaweb\/produto\/bermuda-sarja-laranja\/","og_site_name":"Augusto Camiseiro","article_modified_time":"2026-04-15T20:38:17+00:00","og_image":[{"width":922,"height":1152,"url":"https:\/\/augustocamiseiro.com\/lojaweb\/wp-content\/uploads\/2024\/04\/bermuda_algodao_telha_ref3195_webp.webp","type":"image\/webp"}],"twitter_card":"summary_large_image","twitter_misc":{"Est. tempo de leitura":"2 minutos"},"schema":{"@context":"https:\/\/schema.org","@graph":[{"@type":"WebPage","@id":"https:\/\/augustocamiseiro.com\/lojaweb\/produto\/bermuda-sarja-laranja\/","url":"https:\/\/augustocamiseiro.com\/lojaweb\/produto\/bermuda-sarja-laranja\/","name":"Bermuda Sarja Laranja - Augusto Camiseiro","isPartOf":{"@id":"https:\/\/augustocamiseiro.com\/lojaweb\/#website"},"primaryImageOfPage":{"@id":"https:\/\/augustocamiseiro.com\/lojaweb\/produto\/bermuda-sarja-laranja\/#primaryimage"},"image":{"@id":"https:\/\/augustocamiseiro.com\/lojaweb\/produto\/bermuda-sarja-laranja\/#primaryimage"},"thumbnailUrl":"https:\/\/i0.wp.com\/augustocamiseiro.com\/lojaweb\/wp-content\/uploads\/2024\/04\/bermuda_algodao_telha_ref3195_webp.webp?fit=922%2C1152&ssl=1","datePublished":"2024-04-19T03:55:35+00:00","dateModified":"2026-04-15T20:38:17+00:00","description":"Bermuda laranja. Feita em sarja de algod\u00e3o com elastano. Modelagem slimfit. Perfeita para praia e situa\u00e7\u00f5es casuais. Eleg\u00e2ncia e conforto.","breadcrumb":{"@id":"https:\/\/augustocamiseiro.com\/lojaweb\/produto\/bermuda-sarja-laranja\/#breadcrumb"},"inLanguage":"pt-BR","potentialAction":[{"@type":"ReadAction","target":["https:\/\/augustocamiseiro.com\/lojaweb\/produto\/bermuda-sarja-laranja\/"]}]},{"@type":"ImageObject","inLanguage":"pt-BR","@id":"https:\/\/augustocamiseiro.com\/lojaweb\/produto\/bermuda-sarja-laranja\/#primaryimage","url":"https:\/\/i0.wp.com\/augustocamiseiro.com\/lojaweb\/wp-content\/uploads\/2024\/04\/bermuda_algodao_telha_ref3195_webp.webp?fit=922%2C1152&ssl=1","contentUrl":"https:\/\/i0.wp.com\/augustocamiseiro.com\/lojaweb\/wp-content\/uploads\/2024\/04\/bermuda_algodao_telha_ref3195_webp.webp?fit=922%2C1152&ssl=1","width":922,"height":1152,"caption":"bermuda_algodao_telha"},{"@type":"BreadcrumbList","@id":"https:\/\/augustocamiseiro.com\/lojaweb\/produto\/bermuda-sarja-laranja\/#breadcrumb","itemListElement":[{"@type":"ListItem","position":1,"name":"In\u00edcio","item":"https:\/\/augustocamiseiro.com\/lojaweb\/"},{"@type":"ListItem","position":2,"name":"Shop","item":"https:\/\/augustocamiseiro.com\/lojaweb\/shop\/"},{"@type":"ListItem","position":3,"name":"Bermuda Sarja Laranja"}]},{"@type":"WebSite","@id":"https:\/\/augustocamiseiro.com\/lojaweb\/#website","url":"https:\/\/augustocamiseiro.com\/lojaweb\/","name":"Augusto Camiseiro","description":"Roupa Masculina","publisher":{"@id":"https:\/\/augustocamiseiro.com\/lojaweb\/#organization"},"potentialAction":[{"@type":"SearchAction","target":{"@type":"EntryPoint","urlTemplate":"https:\/\/augustocamiseiro.com\/lojaweb\/?s={search_term_string}"},"query-input":{"@type":"PropertyValueSpecification","valueRequired":true,"valueName":"search_term_string"}}],"inLanguage":"pt-BR"},{"@type":"Organization","@id":"https:\/\/augustocamiseiro.com\/lojaweb\/#organization","name":"Augusto Camiseiro","url":"https:\/\/augustocamiseiro.com\/lojaweb\/","logo":{"@type":"ImageObject","inLanguage":"pt-BR","@id":"https:\/\/augustocamiseiro.com\/lojaweb\/#\/schema\/logo\/image\/","url":"https:\/\/i0.wp.com\/augustocamiseiro.com\/lojaweb\/wp-content\/uploads\/2024\/04\/cropped-logo-augusto-white-1.png?fit=550%2C310&ssl=1","contentUrl":"https:\/\/i0.wp.com\/augustocamiseiro.com\/lojaweb\/wp-content\/uploads\/2024\/04\/cropped-logo-augusto-white-1.png?fit=550%2C310&ssl=1","width":550,"height":310,"caption":"Augusto Camiseiro"},"image":{"@id":"https:\/\/augustocamiseiro.com\/lojaweb\/#\/schema\/logo\/image\/"}}]}},"jetpack_sharing_enabled":true,"_links":{"self":[{"href":"https:\/\/augustocamiseiro.com\/lojaweb\/wp-json\/wp\/v2\/product\/24433","targetHints":{"allow":["GET"]}}],"collection":[{"href":"https:\/\/augustocamiseiro.com\/lojaweb\/wp-json\/wp\/v2\/product"}],"about":[{"href":"https:\/\/augustocamiseiro.com\/lojaweb\/wp-json\/wp\/v2\/types\/product"}],"replies":[{"embeddable":true,"href":"https:\/\/augustocamiseiro.com\/lojaweb\/wp-json\/wp\/v2\/comments?post=24433"}],"wp:featuredmedia":[{"embeddable":true,"href":"https:\/\/augustocamiseiro.com\/lojaweb\/wp-json\/wp\/v2\/media\/50577"}],"wp:attachment":[{"href":"https:\/\/augustocamiseiro.com\/lojaweb\/wp-json\/wp\/v2\/media?parent=24433"}],"wp:term":[{"taxonomy":"product_brand","embeddable":true,"href":"https:\/\/augustocamiseiro.com\/lojaweb\/wp-json\/wp\/v2\/product_brand?post=24433"},{"taxonomy":"product_cat","embeddable":true,"href":"https:\/\/augustocamiseiro.com\/lojaweb\/wp-json\/wp\/v2\/product_cat?post=24433"},{"taxonomy":"product_tag","embeddable":true,"href":"https:\/\/augustocamiseiro.com\/lojaweb\/wp-json\/wp\/v2\/product_tag?post=24433"}],"curies":[{"name":"wp","href":"https:\/\/api.w.org\/{rel}","templated":true}]}}