{"id":23803,"date":"2024-04-19T02:18:53","date_gmt":"2024-04-19T02:18:53","guid":{"rendered":"https:\/\/bsit.com.br\/loja\/?post_type=product&#038;p=23803"},"modified":"2026-04-20T21:05:11","modified_gmt":"2026-04-20T21:05:11","slug":"pijama-flanela-xadrez-preto-vermelho","status":"publish","type":"product","link":"https:\/\/augustocamiseiro.com\/lojaweb\/produto\/pijama-flanela-xadrez-preto-vermelho\/","title":{"rendered":"Pijama Flanela Xadrez Preto\/Vermelho"},"content":{"rendered":"<p>Nosso pijama masculino flanela xadrez preto e vermelho tem fabrica\u00e7\u00e3o pr\u00f3pria, assim sendo usa nossas costuras rebatidas artesanais e bot\u00f5es de madrep\u00e9rola. Definitivamente o \u00fanico no mercado com essas caracter\u00edsticas.<\/p>\n<p>Al\u00e9m disso tem palet\u00f3 com mangas compridas, vivos embutidos, gola e tr\u00eas bolsos. Assim como cal\u00e7as compridas com el\u00e1stico suave e bot\u00e3o para maior conforto, al\u00e9m de bolsos nas cal\u00e7as.<\/p>\n<p>O tecido deste pijama \u00e9 uma flanela 100% puro algod\u00e3o um pouco mais pesada, ou seja muito confort\u00e1vel e quente para os dias mais frios. O preto e o vermelho\u00a0 s\u00e3o cores cl\u00e1ssicas no inverno, ao mesmo tempo que seu desenho \u00e9 muito charmoso e por consequ\u00eancia temos aqui um verdadeiro pijama de inverno. Portanto perfeito para se ter uma noite bem dormida.<\/p>\n<p>Aqui n\u00e3o tem usos e looks, \u00e9 home office, chinelo, pantufas e cama. Por\u00e9m se precisar dar uma voltinha no hall de entrada para pegar uma pizza vai fazer sucesso. Honestamente \u00e9 mais elegante um homem de pijama do que um homem com um costume.<\/p>\n<p>Em resumo, o pijama masculino flanela xadrez preto e vermelho \u00e9 sofisticado, artesanal, confort\u00e1vel e quentinho. Um verdadeiro pijama de luxo.<\/p>\n","protected":false},"excerpt":{"rendered":"<p>Pijama masculino longo de flanela xadrez preto e vermelho. Pijama de inverno confort\u00e1vel e sofisticado.<\/p>\n","protected":false},"featured_media":23834,"comment_status":"open","ping_status":"closed","template":"","meta":{"_acf_changed":false},"product_brand":[],"product_cat":[338],"product_tag":[547,548,1177,1178,677,678,337],"class_list":{"0":"post-23803","1":"product","2":"type-product","3":"status-publish","4":"has-post-thumbnail","6":"product_cat-pijamas","7":"product_tag-pijama-flanela","8":"product_tag-pijama-masculino-longo","9":"product_tag-pijama-preto","10":"product_tag-pijama-preto-e-vermelho","11":"product_tag-pijama-vermelho","12":"product_tag-pijama-xadrez","13":"product_tag-pijama-de-inverno","15":"first","16":"instock","17":"shipping-taxable","18":"purchasable","19":"product-type-variable"},"acf":[],"yoast_head":"<!-- This site is optimized with the Yoast SEO plugin v25.3.1 - https:\/\/yoast.com\/wordpress\/plugins\/seo\/ -->\n<title>Pijama Flanela Xadrez Preto\/Vermelho - Augusto Camiseiro<\/title>\n<meta name=\"description\" content=\"Pijama masculino flanela xadrez preto e vermelho. Fabrica\u00e7\u00e3o pr\u00f3pria, flanela 100% algod\u00e3o. Pijama de inverno, confort\u00e1vel e quentinho.\" \/>\n<meta name=\"robots\" content=\"index, follow, max-snippet:-1, max-image-preview:large, max-video-preview:-1\" \/>\n<link rel=\"canonical\" href=\"https:\/\/augustocamiseiro.com\/lojaweb\/produto\/pijama-flanela-xadrez-preto-vermelho\/\" \/>\n<meta property=\"og:locale\" content=\"pt_BR\" \/>\n<meta property=\"og:type\" content=\"article\" \/>\n<meta property=\"og:title\" content=\"Pijama Flanela Xadrez Preto\/Vermelho - Augusto Camiseiro\" \/>\n<meta property=\"og:description\" content=\"Pijama masculino flanela xadrez preto e vermelho. Fabrica\u00e7\u00e3o pr\u00f3pria, flanela 100% algod\u00e3o. Pijama de inverno, confort\u00e1vel e quentinho.\" \/>\n<meta property=\"og:url\" content=\"https:\/\/augustocamiseiro.com\/lojaweb\/produto\/pijama-flanela-xadrez-preto-vermelho\/\" \/>\n<meta property=\"og:site_name\" content=\"Augusto Camiseiro\" \/>\n<meta property=\"article:modified_time\" content=\"2026-04-20T21:05:11+00:00\" \/>\n<meta property=\"og:image\" content=\"https:\/\/augustocamiseiro.com\/lojaweb\/wp-content\/uploads\/2024\/04\/Pijama-longo-flanela-3775-ord650.jpg\" \/>\n\t<meta property=\"og:image:width\" content=\"1000\" \/>\n\t<meta property=\"og:image:height\" content=\"1000\" \/>\n\t<meta property=\"og:image:type\" content=\"image\/jpeg\" \/>\n<meta name=\"twitter:card\" content=\"summary_large_image\" \/>\n<meta name=\"twitter:label1\" content=\"Est. tempo de leitura\" \/>\n\t<meta name=\"twitter:data1\" content=\"2 minutos\" \/>\n<!-- \/ Yoast SEO plugin. -->","yoast_head_json":{"title":"Pijama Flanela Xadrez Preto\/Vermelho - Augusto Camiseiro","description":"Pijama masculino flanela xadrez preto e vermelho. Fabrica\u00e7\u00e3o pr\u00f3pria, flanela 100% algod\u00e3o. Pijama de inverno, confort\u00e1vel e quentinho.","robots":{"index":"index","follow":"follow","max-snippet":"max-snippet:-1","max-image-preview":"max-image-preview:large","max-video-preview":"max-video-preview:-1"},"canonical":"https:\/\/augustocamiseiro.com\/lojaweb\/produto\/pijama-flanela-xadrez-preto-vermelho\/","og_locale":"pt_BR","og_type":"article","og_title":"Pijama Flanela Xadrez Preto\/Vermelho - Augusto Camiseiro","og_description":"Pijama masculino flanela xadrez preto e vermelho. Fabrica\u00e7\u00e3o pr\u00f3pria, flanela 100% algod\u00e3o. Pijama de inverno, confort\u00e1vel e quentinho.","og_url":"https:\/\/augustocamiseiro.com\/lojaweb\/produto\/pijama-flanela-xadrez-preto-vermelho\/","og_site_name":"Augusto Camiseiro","article_modified_time":"2026-04-20T21:05:11+00:00","og_image":[{"width":1000,"height":1000,"url":"https:\/\/augustocamiseiro.com\/lojaweb\/wp-content\/uploads\/2024\/04\/Pijama-longo-flanela-3775-ord650.jpg","type":"image\/jpeg"}],"twitter_card":"summary_large_image","twitter_misc":{"Est. tempo de leitura":"2 minutos"},"schema":{"@context":"https:\/\/schema.org","@graph":[{"@type":"WebPage","@id":"https:\/\/augustocamiseiro.com\/lojaweb\/produto\/pijama-flanela-xadrez-preto-vermelho\/","url":"https:\/\/augustocamiseiro.com\/lojaweb\/produto\/pijama-flanela-xadrez-preto-vermelho\/","name":"Pijama Flanela Xadrez Preto\/Vermelho - Augusto Camiseiro","isPartOf":{"@id":"https:\/\/augustocamiseiro.com\/lojaweb\/#website"},"primaryImageOfPage":{"@id":"https:\/\/augustocamiseiro.com\/lojaweb\/produto\/pijama-flanela-xadrez-preto-vermelho\/#primaryimage"},"image":{"@id":"https:\/\/augustocamiseiro.com\/lojaweb\/produto\/pijama-flanela-xadrez-preto-vermelho\/#primaryimage"},"thumbnailUrl":"https:\/\/i0.wp.com\/augustocamiseiro.com\/lojaweb\/wp-content\/uploads\/2024\/04\/Pijama-longo-flanela-3775-ord650.jpg?fit=1000%2C1000&ssl=1","datePublished":"2024-04-19T02:18:53+00:00","dateModified":"2026-04-20T21:05:11+00:00","description":"Pijama masculino flanela xadrez preto e vermelho. Fabrica\u00e7\u00e3o pr\u00f3pria, flanela 100% algod\u00e3o. Pijama de inverno, confort\u00e1vel e quentinho.","breadcrumb":{"@id":"https:\/\/augustocamiseiro.com\/lojaweb\/produto\/pijama-flanela-xadrez-preto-vermelho\/#breadcrumb"},"inLanguage":"pt-BR","potentialAction":[{"@type":"ReadAction","target":["https:\/\/augustocamiseiro.com\/lojaweb\/produto\/pijama-flanela-xadrez-preto-vermelho\/"]}]},{"@type":"ImageObject","inLanguage":"pt-BR","@id":"https:\/\/augustocamiseiro.com\/lojaweb\/produto\/pijama-flanela-xadrez-preto-vermelho\/#primaryimage","url":"https:\/\/i0.wp.com\/augustocamiseiro.com\/lojaweb\/wp-content\/uploads\/2024\/04\/Pijama-longo-flanela-3775-ord650.jpg?fit=1000%2C1000&ssl=1","contentUrl":"https:\/\/i0.wp.com\/augustocamiseiro.com\/lojaweb\/wp-content\/uploads\/2024\/04\/Pijama-longo-flanela-3775-ord650.jpg?fit=1000%2C1000&ssl=1","width":1000,"height":1000},{"@type":"BreadcrumbList","@id":"https:\/\/augustocamiseiro.com\/lojaweb\/produto\/pijama-flanela-xadrez-preto-vermelho\/#breadcrumb","itemListElement":[{"@type":"ListItem","position":1,"name":"In\u00edcio","item":"https:\/\/augustocamiseiro.com\/lojaweb\/"},{"@type":"ListItem","position":2,"name":"Shop","item":"https:\/\/augustocamiseiro.com\/lojaweb\/shop\/"},{"@type":"ListItem","position":3,"name":"Pijama Flanela Xadrez Preto\/Vermelho"}]},{"@type":"WebSite","@id":"https:\/\/augustocamiseiro.com\/lojaweb\/#website","url":"https:\/\/augustocamiseiro.com\/lojaweb\/","name":"Augusto Camiseiro","description":"Roupa Masculina","publisher":{"@id":"https:\/\/augustocamiseiro.com\/lojaweb\/#organization"},"potentialAction":[{"@type":"SearchAction","target":{"@type":"EntryPoint","urlTemplate":"https:\/\/augustocamiseiro.com\/lojaweb\/?s={search_term_string}"},"query-input":{"@type":"PropertyValueSpecification","valueRequired":true,"valueName":"search_term_string"}}],"inLanguage":"pt-BR"},{"@type":"Organization","@id":"https:\/\/augustocamiseiro.com\/lojaweb\/#organization","name":"Augusto Camiseiro","url":"https:\/\/augustocamiseiro.com\/lojaweb\/","logo":{"@type":"ImageObject","inLanguage":"pt-BR","@id":"https:\/\/augustocamiseiro.com\/lojaweb\/#\/schema\/logo\/image\/","url":"https:\/\/i0.wp.com\/augustocamiseiro.com\/lojaweb\/wp-content\/uploads\/2024\/04\/cropped-logo-augusto-white-1.png?fit=550%2C310&ssl=1","contentUrl":"https:\/\/i0.wp.com\/augustocamiseiro.com\/lojaweb\/wp-content\/uploads\/2024\/04\/cropped-logo-augusto-white-1.png?fit=550%2C310&ssl=1","width":550,"height":310,"caption":"Augusto Camiseiro"},"image":{"@id":"https:\/\/augustocamiseiro.com\/lojaweb\/#\/schema\/logo\/image\/"}}]}},"jetpack_sharing_enabled":true,"_links":{"self":[{"href":"https:\/\/augustocamiseiro.com\/lojaweb\/wp-json\/wp\/v2\/product\/23803","targetHints":{"allow":["GET"]}}],"collection":[{"href":"https:\/\/augustocamiseiro.com\/lojaweb\/wp-json\/wp\/v2\/product"}],"about":[{"href":"https:\/\/augustocamiseiro.com\/lojaweb\/wp-json\/wp\/v2\/types\/product"}],"replies":[{"embeddable":true,"href":"https:\/\/augustocamiseiro.com\/lojaweb\/wp-json\/wp\/v2\/comments?post=23803"}],"wp:featuredmedia":[{"embeddable":true,"href":"https:\/\/augustocamiseiro.com\/lojaweb\/wp-json\/wp\/v2\/media\/23834"}],"wp:attachment":[{"href":"https:\/\/augustocamiseiro.com\/lojaweb\/wp-json\/wp\/v2\/media?parent=23803"}],"wp:term":[{"taxonomy":"product_brand","embeddable":true,"href":"https:\/\/augustocamiseiro.com\/lojaweb\/wp-json\/wp\/v2\/product_brand?post=23803"},{"taxonomy":"product_cat","embeddable":true,"href":"https:\/\/augustocamiseiro.com\/lojaweb\/wp-json\/wp\/v2\/product_cat?post=23803"},{"taxonomy":"product_tag","embeddable":true,"href":"https:\/\/augustocamiseiro.com\/lojaweb\/wp-json\/wp\/v2\/product_tag?post=23803"}],"curies":[{"name":"wp","href":"https:\/\/api.w.org\/{rel}","templated":true}]}}