{"id":23417,"date":"2024-04-19T01:58:22","date_gmt":"2024-04-19T01:58:22","guid":{"rendered":"https:\/\/bsit.com.br\/loja\/?post_type=product&#038;p=23417"},"modified":"2026-04-15T20:41:35","modified_gmt":"2026-04-15T20:41:35","slug":"tricot-masculino-c-ziper","status":"publish","type":"product","link":"https:\/\/augustocamiseiro.com\/lojaweb\/produto\/tricot-masculino-c-ziper\/","title":{"rendered":"Tricot Masculino c\/ Ziper"},"content":{"rendered":"<p>O nosso tricot masculino com ziper tem composi\u00e7\u00e3o de 100% algod\u00e3o. \u00c9 um tricot muito leve e com toque macio e agrad\u00e1vel. Portanto um item vers\u00e1til e perfeito para o inverno brasileiro e para qualquer ocasi\u00e3o. Temos op\u00e7\u00f5es desse tricot nas cores: <span style=\"color: #808080\">cinza<\/span>, <span style=\"color: #800000\">cacau<\/span>, azul aqua, <span style=\"color: #000080\">azul marinho<\/span> e <span style=\"color: #003300\">verde musgo<\/span>.<\/p>\n<p>&nbsp;<\/p>\n<p>Este tricot, fabricado no Brasil, \u00e9 confeccionado sem corte, evitando assim a gera\u00e7\u00e3o de res\u00edduos t\u00eaxteis e contribuindo com a preserva\u00e7\u00e3o do meio ambiente. Junto, vai uma amostra de linha para facilitar em eventual conserto da pe\u00e7a.<\/p>\n<p>O fio de algod\u00e3o \u00e9 de fibra longa e acabado com processo soft touch, com isso, tem uma maciez e um conforto muito superior aos algod\u00f5es convencionais. Al\u00e9m de vir j\u00e1 encolhido. E por ser algod\u00e3o, ele ajuda a manter a temperatura do corpo. Com isso, pode ser usado diretamente na pele, como uma camiseta, proporcionando ao mesmo tempo uma sensa\u00e7\u00e3o de abrigo e frescor.<\/p>\n","protected":false},"excerpt":{"rendered":"<p>Tricot masculino com ziper. Composi\u00e7\u00e3o de 100% algod\u00e3o, extremamente macio e confort\u00e1vel. Com as cores:<\/p>\n<ul>\n<li><span style=\"color: #808080\">cinza<\/span><\/li>\n<li><span style=\"color: #800000\">cacau<\/span><\/li>\n<li>azul aqua<\/li>\n<li><span style=\"color: #003366\">azul marinho<\/span><\/li>\n<li><span style=\"color: #003300\">verde musgo<\/span><\/li>\n<\/ul>\n<p>&nbsp;<\/p>\n<p>Fabricado no Brasil tem o diferencial de n\u00e3o usar corte em seu processo de manufatura. Dessa forma n\u00e3o gera res\u00edduos, auxiliando na preserva\u00e7\u00e3o do meio ambiente.<\/p>\n","protected":false},"featured_media":23456,"comment_status":"open","ping_status":"closed","template":"","meta":{"_acf_changed":false},"product_brand":[],"product_cat":[445,1492],"product_tag":[305,659,568,652,653,857,869,1131,675,655,859,870,1132],"class_list":{"0":"post-23417","1":"product","2":"type-product","3":"status-publish","4":"has-post-thumbnail","6":"product_cat-dias-dos-pais","7":"product_cat-tricots","8":"product_tag-black-friday","9":"product_tag-malha","10":"product_tag-trico-masculino","11":"product_tag-tricot","12":"product_tag-tricot-algodao","13":"product_tag-tricot-azul-marinho","14":"product_tag-tricot-cacau","15":"product_tag-tricot-cinza-chumbo","16":"product_tag-tricot-com-ziper","17":"product_tag-tricot-malha","18":"product_tag-tricot-marinho","19":"product_tag-tricot-marrom","20":"product_tag-tricot-verde-musgo","22":"first","23":"instock","24":"shipping-taxable","25":"purchasable","26":"product-type-variable"},"acf":[],"yoast_head":"<!-- This site is optimized with the Yoast SEO plugin v25.3.1 - https:\/\/yoast.com\/wordpress\/plugins\/seo\/ -->\n<title>Tricot Masculino c\/ Ziper - Augusto Camiseiro<\/title>\n<meta name=\"description\" content=\"Tricot masculino com ziper tem composi\u00e7\u00e3o de 100% algod\u00e3o. Toque leve e agrad\u00e1vel. Fabrica\u00e7\u00e3o sem gera\u00e7\u00e3o de res\u00edduos, amigo do meio ambiente.\" \/>\n<meta name=\"robots\" content=\"index, follow, max-snippet:-1, max-image-preview:large, max-video-preview:-1\" \/>\n<link rel=\"canonical\" href=\"https:\/\/augustocamiseiro.com\/lojaweb\/produto\/tricot-masculino-c-ziper\/\" \/>\n<meta property=\"og:locale\" content=\"pt_BR\" \/>\n<meta property=\"og:type\" content=\"article\" \/>\n<meta property=\"og:title\" content=\"Tricot Masculino c\/ Ziper - Augusto Camiseiro\" \/>\n<meta property=\"og:description\" content=\"Tricot masculino com ziper tem composi\u00e7\u00e3o de 100% algod\u00e3o. Toque leve e agrad\u00e1vel. Fabrica\u00e7\u00e3o sem gera\u00e7\u00e3o de res\u00edduos, amigo do meio ambiente.\" \/>\n<meta property=\"og:url\" content=\"https:\/\/augustocamiseiro.com\/lojaweb\/produto\/tricot-masculino-c-ziper\/\" \/>\n<meta property=\"og:site_name\" content=\"Augusto Camiseiro\" \/>\n<meta property=\"article:modified_time\" content=\"2026-04-15T20:41:35+00:00\" \/>\n<meta property=\"og:image\" content=\"https:\/\/augustocamiseiro.com\/lojaweb\/wp-content\/uploads\/2024\/04\/malha-trico-ziper-cacau-3989.jpg\" \/>\n\t<meta property=\"og:image:width\" content=\"1000\" \/>\n\t<meta property=\"og:image:height\" content=\"1000\" \/>\n\t<meta property=\"og:image:type\" content=\"image\/jpeg\" \/>\n<meta name=\"twitter:card\" content=\"summary_large_image\" \/>\n<meta name=\"twitter:label1\" content=\"Est. tempo de leitura\" \/>\n\t<meta name=\"twitter:data1\" content=\"2 minutos\" \/>\n<!-- \/ Yoast SEO plugin. -->","yoast_head_json":{"title":"Tricot Masculino c\/ Ziper - Augusto Camiseiro","description":"Tricot masculino com ziper tem composi\u00e7\u00e3o de 100% algod\u00e3o. Toque leve e agrad\u00e1vel. Fabrica\u00e7\u00e3o sem gera\u00e7\u00e3o de res\u00edduos, amigo do meio ambiente.","robots":{"index":"index","follow":"follow","max-snippet":"max-snippet:-1","max-image-preview":"max-image-preview:large","max-video-preview":"max-video-preview:-1"},"canonical":"https:\/\/augustocamiseiro.com\/lojaweb\/produto\/tricot-masculino-c-ziper\/","og_locale":"pt_BR","og_type":"article","og_title":"Tricot Masculino c\/ Ziper - Augusto Camiseiro","og_description":"Tricot masculino com ziper tem composi\u00e7\u00e3o de 100% algod\u00e3o. Toque leve e agrad\u00e1vel. Fabrica\u00e7\u00e3o sem gera\u00e7\u00e3o de res\u00edduos, amigo do meio ambiente.","og_url":"https:\/\/augustocamiseiro.com\/lojaweb\/produto\/tricot-masculino-c-ziper\/","og_site_name":"Augusto Camiseiro","article_modified_time":"2026-04-15T20:41:35+00:00","og_image":[{"width":1000,"height":1000,"url":"https:\/\/augustocamiseiro.com\/lojaweb\/wp-content\/uploads\/2024\/04\/malha-trico-ziper-cacau-3989.jpg","type":"image\/jpeg"}],"twitter_card":"summary_large_image","twitter_misc":{"Est. tempo de leitura":"2 minutos"},"schema":{"@context":"https:\/\/schema.org","@graph":[{"@type":"WebPage","@id":"https:\/\/augustocamiseiro.com\/lojaweb\/produto\/tricot-masculino-c-ziper\/","url":"https:\/\/augustocamiseiro.com\/lojaweb\/produto\/tricot-masculino-c-ziper\/","name":"Tricot Masculino c\/ Ziper - Augusto Camiseiro","isPartOf":{"@id":"https:\/\/augustocamiseiro.com\/lojaweb\/#website"},"primaryImageOfPage":{"@id":"https:\/\/augustocamiseiro.com\/lojaweb\/produto\/tricot-masculino-c-ziper\/#primaryimage"},"image":{"@id":"https:\/\/augustocamiseiro.com\/lojaweb\/produto\/tricot-masculino-c-ziper\/#primaryimage"},"thumbnailUrl":"https:\/\/i0.wp.com\/augustocamiseiro.com\/lojaweb\/wp-content\/uploads\/2024\/04\/malha-trico-ziper-cacau-3989.jpg?fit=1000%2C1000&ssl=1","datePublished":"2024-04-19T01:58:22+00:00","dateModified":"2026-04-15T20:41:35+00:00","description":"Tricot masculino com ziper tem composi\u00e7\u00e3o de 100% algod\u00e3o. Toque leve e agrad\u00e1vel. Fabrica\u00e7\u00e3o sem gera\u00e7\u00e3o de res\u00edduos, amigo do meio ambiente.","breadcrumb":{"@id":"https:\/\/augustocamiseiro.com\/lojaweb\/produto\/tricot-masculino-c-ziper\/#breadcrumb"},"inLanguage":"pt-BR","potentialAction":[{"@type":"ReadAction","target":["https:\/\/augustocamiseiro.com\/lojaweb\/produto\/tricot-masculino-c-ziper\/"]}]},{"@type":"ImageObject","inLanguage":"pt-BR","@id":"https:\/\/augustocamiseiro.com\/lojaweb\/produto\/tricot-masculino-c-ziper\/#primaryimage","url":"https:\/\/i0.wp.com\/augustocamiseiro.com\/lojaweb\/wp-content\/uploads\/2024\/04\/malha-trico-ziper-cacau-3989.jpg?fit=1000%2C1000&ssl=1","contentUrl":"https:\/\/i0.wp.com\/augustocamiseiro.com\/lojaweb\/wp-content\/uploads\/2024\/04\/malha-trico-ziper-cacau-3989.jpg?fit=1000%2C1000&ssl=1","width":1000,"height":1000},{"@type":"BreadcrumbList","@id":"https:\/\/augustocamiseiro.com\/lojaweb\/produto\/tricot-masculino-c-ziper\/#breadcrumb","itemListElement":[{"@type":"ListItem","position":1,"name":"In\u00edcio","item":"https:\/\/augustocamiseiro.com\/lojaweb\/"},{"@type":"ListItem","position":2,"name":"Shop","item":"https:\/\/augustocamiseiro.com\/lojaweb\/shop\/"},{"@type":"ListItem","position":3,"name":"Tricot Masculino c\/ Ziper"}]},{"@type":"WebSite","@id":"https:\/\/augustocamiseiro.com\/lojaweb\/#website","url":"https:\/\/augustocamiseiro.com\/lojaweb\/","name":"Augusto Camiseiro","description":"Roupa Masculina","publisher":{"@id":"https:\/\/augustocamiseiro.com\/lojaweb\/#organization"},"potentialAction":[{"@type":"SearchAction","target":{"@type":"EntryPoint","urlTemplate":"https:\/\/augustocamiseiro.com\/lojaweb\/?s={search_term_string}"},"query-input":{"@type":"PropertyValueSpecification","valueRequired":true,"valueName":"search_term_string"}}],"inLanguage":"pt-BR"},{"@type":"Organization","@id":"https:\/\/augustocamiseiro.com\/lojaweb\/#organization","name":"Augusto Camiseiro","url":"https:\/\/augustocamiseiro.com\/lojaweb\/","logo":{"@type":"ImageObject","inLanguage":"pt-BR","@id":"https:\/\/augustocamiseiro.com\/lojaweb\/#\/schema\/logo\/image\/","url":"https:\/\/i0.wp.com\/augustocamiseiro.com\/lojaweb\/wp-content\/uploads\/2024\/04\/cropped-logo-augusto-white-1.png?fit=550%2C310&ssl=1","contentUrl":"https:\/\/i0.wp.com\/augustocamiseiro.com\/lojaweb\/wp-content\/uploads\/2024\/04\/cropped-logo-augusto-white-1.png?fit=550%2C310&ssl=1","width":550,"height":310,"caption":"Augusto Camiseiro"},"image":{"@id":"https:\/\/augustocamiseiro.com\/lojaweb\/#\/schema\/logo\/image\/"}}]}},"jetpack_sharing_enabled":true,"_links":{"self":[{"href":"https:\/\/augustocamiseiro.com\/lojaweb\/wp-json\/wp\/v2\/product\/23417","targetHints":{"allow":["GET"]}}],"collection":[{"href":"https:\/\/augustocamiseiro.com\/lojaweb\/wp-json\/wp\/v2\/product"}],"about":[{"href":"https:\/\/augustocamiseiro.com\/lojaweb\/wp-json\/wp\/v2\/types\/product"}],"replies":[{"embeddable":true,"href":"https:\/\/augustocamiseiro.com\/lojaweb\/wp-json\/wp\/v2\/comments?post=23417"}],"wp:featuredmedia":[{"embeddable":true,"href":"https:\/\/augustocamiseiro.com\/lojaweb\/wp-json\/wp\/v2\/media\/23456"}],"wp:attachment":[{"href":"https:\/\/augustocamiseiro.com\/lojaweb\/wp-json\/wp\/v2\/media?parent=23417"}],"wp:term":[{"taxonomy":"product_brand","embeddable":true,"href":"https:\/\/augustocamiseiro.com\/lojaweb\/wp-json\/wp\/v2\/product_brand?post=23417"},{"taxonomy":"product_cat","embeddable":true,"href":"https:\/\/augustocamiseiro.com\/lojaweb\/wp-json\/wp\/v2\/product_cat?post=23417"},{"taxonomy":"product_tag","embeddable":true,"href":"https:\/\/augustocamiseiro.com\/lojaweb\/wp-json\/wp\/v2\/product_tag?post=23417"}],"curies":[{"name":"wp","href":"https:\/\/api.w.org\/{rel}","templated":true}]}}