{"id":22839,"date":"2024-04-19T00:02:31","date_gmt":"2024-04-19T00:02:31","guid":{"rendered":"https:\/\/bsit.com.br\/loja\/?post_type=product&#038;p=22839"},"modified":"2024-07-05T20:36:28","modified_gmt":"2024-07-05T20:36:28","slug":"gravata-azul-com-lilas-de-seda-2","status":"publish","type":"product","link":"https:\/\/augustocamiseiro.com\/lojaweb\/produto\/gravata-azul-com-lilas-de-seda-2\/","title":{"rendered":"Gravata Azul com Lil\u00e1s de Seda"},"content":{"rendered":"<p>A gravata azul com lil\u00e1s de seda\u00a0 \u00e9 manufaturada em seda italiana e tem um fundo azul marinho e pequenos quadrados\u00a0 brancos e lil\u00e1s, sendo portanto uma gravata muito cl\u00e1ssica e elegante.<\/p>\n<p>Todas as camisas em tom de <a href=\"https:\/\/augustocamiseiro.com\/lojaweb\/?product=camisa-social-azul\">azul<\/a>, <a href=\"https:\/\/www.instagram.com\/p\/CUaw0TfrYqD\/\">lil\u00e1s<\/a>, <a href=\"https:\/\/www.instagram.com\/p\/CUsyXlFtwdm\/\">rosa<\/a> ficam muito boas. Assim como <a href=\"https:\/\/www.instagram.com\/p\/CRrs4iEnzfZ\/\">listras<\/a> e <a href=\"https:\/\/www.instagram.com\/p\/CYFGaFpO6dE\/\">xadrezes azuis<\/a> e\u00a0 logicamente as brancas.<\/p>\n<p>Quanto aos costumes e blazers aposte nos azuis e cinzas. Esta gravata muito cl\u00e1ssica cabe\u00a0 bem em muitos visuais como nessa <a href=\"https:\/\/www.instagram.com\/p\/ByYvEh6Hgtf\/\">combina\u00e7\u00e3o<\/a>\u00a0 onde daria um toque muito especial.<\/p>\n<p>Com certeza uma gravata elegante.<\/p>\n","protected":false},"excerpt":{"rendered":"<p>Gravata azul e lil\u00e1s de seda italiana. Desenho muito elegante<\/p>\n","protected":false},"featured_media":22876,"comment_status":"open","ping_status":"closed","template":"","meta":{"_acf_changed":false},"product_brand":[],"product_cat":[1064,1069],"product_tag":[982,1042,546,981],"class_list":{"0":"post-22839","1":"product","2":"type-product","3":"status-publish","4":"has-post-thumbnail","6":"product_cat-acessorios","7":"product_cat-gravatas-acessorios","8":"product_tag-gravata-azul-de-seda","9":"product_tag-gravata-azul-e-lilas-de-seda","10":"product_tag-gravata-de-seda-italiana","11":"product_tag-seda-italiana","13":"first","14":"instock","15":"shipping-taxable","16":"purchasable","17":"product-type-simple"},"acf":[],"yoast_head":"<!-- This site is optimized with the Yoast SEO plugin v25.3.1 - https:\/\/yoast.com\/wordpress\/plugins\/seo\/ -->\n<title>Gravata Azul com Lil\u00e1s de Seda - Augusto Camiseiro<\/title>\n<meta name=\"description\" content=\"Gravata azul com lil\u00e1s de seda italiana. Fundo azul e pequenos quadrados em lil\u00e1s e branco. Desenho muito f\u00e1cil de usar e elegante.\" \/>\n<meta name=\"robots\" content=\"index, follow, max-snippet:-1, max-image-preview:large, max-video-preview:-1\" \/>\n<link rel=\"canonical\" href=\"https:\/\/augustocamiseiro.com\/lojaweb\/produto\/gravata-azul-com-lilas-de-seda-2\/\" \/>\n<meta property=\"og:locale\" content=\"pt_BR\" \/>\n<meta property=\"og:type\" content=\"article\" \/>\n<meta property=\"og:title\" content=\"Gravata Azul com Lil\u00e1s de Seda - Augusto Camiseiro\" \/>\n<meta property=\"og:description\" content=\"Gravata azul com lil\u00e1s de seda italiana. Fundo azul e pequenos quadrados em lil\u00e1s e branco. Desenho muito f\u00e1cil de usar e elegante.\" \/>\n<meta property=\"og:url\" content=\"https:\/\/augustocamiseiro.com\/lojaweb\/produto\/gravata-azul-com-lilas-de-seda-2\/\" \/>\n<meta property=\"og:site_name\" content=\"Augusto Camiseiro\" \/>\n<meta property=\"article:modified_time\" content=\"2024-07-05T20:36:28+00:00\" \/>\n<meta property=\"og:image\" content=\"https:\/\/augustocamiseiro.com\/lojaweb\/wp-content\/uploads\/2024\/04\/Gravata-SPG-ref.-3412.sn-seda-ord250.jpg\" \/>\n\t<meta property=\"og:image:width\" content=\"1080\" \/>\n\t<meta property=\"og:image:height\" content=\"1080\" \/>\n\t<meta property=\"og:image:type\" content=\"image\/jpeg\" \/>\n<meta name=\"twitter:card\" content=\"summary_large_image\" \/>\n<meta name=\"twitter:label1\" content=\"Est. tempo de leitura\" \/>\n\t<meta name=\"twitter:data1\" content=\"1 minuto\" \/>\n<!-- \/ Yoast SEO plugin. -->","yoast_head_json":{"title":"Gravata Azul com Lil\u00e1s de Seda - Augusto Camiseiro","description":"Gravata azul com lil\u00e1s de seda italiana. Fundo azul e pequenos quadrados em lil\u00e1s e branco. Desenho muito f\u00e1cil de usar e elegante.","robots":{"index":"index","follow":"follow","max-snippet":"max-snippet:-1","max-image-preview":"max-image-preview:large","max-video-preview":"max-video-preview:-1"},"canonical":"https:\/\/augustocamiseiro.com\/lojaweb\/produto\/gravata-azul-com-lilas-de-seda-2\/","og_locale":"pt_BR","og_type":"article","og_title":"Gravata Azul com Lil\u00e1s de Seda - Augusto Camiseiro","og_description":"Gravata azul com lil\u00e1s de seda italiana. Fundo azul e pequenos quadrados em lil\u00e1s e branco. Desenho muito f\u00e1cil de usar e elegante.","og_url":"https:\/\/augustocamiseiro.com\/lojaweb\/produto\/gravata-azul-com-lilas-de-seda-2\/","og_site_name":"Augusto Camiseiro","article_modified_time":"2024-07-05T20:36:28+00:00","og_image":[{"width":1080,"height":1080,"url":"https:\/\/augustocamiseiro.com\/lojaweb\/wp-content\/uploads\/2024\/04\/Gravata-SPG-ref.-3412.sn-seda-ord250.jpg","type":"image\/jpeg"}],"twitter_card":"summary_large_image","twitter_misc":{"Est. tempo de leitura":"1 minuto"},"schema":{"@context":"https:\/\/schema.org","@graph":[{"@type":"WebPage","@id":"https:\/\/augustocamiseiro.com\/lojaweb\/produto\/gravata-azul-com-lilas-de-seda-2\/","url":"https:\/\/augustocamiseiro.com\/lojaweb\/produto\/gravata-azul-com-lilas-de-seda-2\/","name":"Gravata Azul com Lil\u00e1s de Seda - Augusto Camiseiro","isPartOf":{"@id":"https:\/\/augustocamiseiro.com\/lojaweb\/#website"},"primaryImageOfPage":{"@id":"https:\/\/augustocamiseiro.com\/lojaweb\/produto\/gravata-azul-com-lilas-de-seda-2\/#primaryimage"},"image":{"@id":"https:\/\/augustocamiseiro.com\/lojaweb\/produto\/gravata-azul-com-lilas-de-seda-2\/#primaryimage"},"thumbnailUrl":"https:\/\/i0.wp.com\/augustocamiseiro.com\/lojaweb\/wp-content\/uploads\/2024\/04\/Gravata-SPG-ref.-3412.sn-seda-ord250.jpg?fit=1080%2C1080&ssl=1","datePublished":"2024-04-19T00:02:31+00:00","dateModified":"2024-07-05T20:36:28+00:00","description":"Gravata azul com lil\u00e1s de seda italiana. Fundo azul e pequenos quadrados em lil\u00e1s e branco. Desenho muito f\u00e1cil de usar e elegante.","breadcrumb":{"@id":"https:\/\/augustocamiseiro.com\/lojaweb\/produto\/gravata-azul-com-lilas-de-seda-2\/#breadcrumb"},"inLanguage":"pt-BR","potentialAction":[{"@type":"ReadAction","target":["https:\/\/augustocamiseiro.com\/lojaweb\/produto\/gravata-azul-com-lilas-de-seda-2\/"]}]},{"@type":"ImageObject","inLanguage":"pt-BR","@id":"https:\/\/augustocamiseiro.com\/lojaweb\/produto\/gravata-azul-com-lilas-de-seda-2\/#primaryimage","url":"https:\/\/i0.wp.com\/augustocamiseiro.com\/lojaweb\/wp-content\/uploads\/2024\/04\/Gravata-SPG-ref.-3412.sn-seda-ord250.jpg?fit=1080%2C1080&ssl=1","contentUrl":"https:\/\/i0.wp.com\/augustocamiseiro.com\/lojaweb\/wp-content\/uploads\/2024\/04\/Gravata-SPG-ref.-3412.sn-seda-ord250.jpg?fit=1080%2C1080&ssl=1","width":1080,"height":1080},{"@type":"BreadcrumbList","@id":"https:\/\/augustocamiseiro.com\/lojaweb\/produto\/gravata-azul-com-lilas-de-seda-2\/#breadcrumb","itemListElement":[{"@type":"ListItem","position":1,"name":"In\u00edcio","item":"https:\/\/augustocamiseiro.com\/lojaweb\/"},{"@type":"ListItem","position":2,"name":"Shop","item":"https:\/\/augustocamiseiro.com\/lojaweb\/shop\/"},{"@type":"ListItem","position":3,"name":"Gravata Azul com Lil\u00e1s de Seda"}]},{"@type":"WebSite","@id":"https:\/\/augustocamiseiro.com\/lojaweb\/#website","url":"https:\/\/augustocamiseiro.com\/lojaweb\/","name":"Augusto Camiseiro","description":"Roupa Masculina","publisher":{"@id":"https:\/\/augustocamiseiro.com\/lojaweb\/#organization"},"potentialAction":[{"@type":"SearchAction","target":{"@type":"EntryPoint","urlTemplate":"https:\/\/augustocamiseiro.com\/lojaweb\/?s={search_term_string}"},"query-input":{"@type":"PropertyValueSpecification","valueRequired":true,"valueName":"search_term_string"}}],"inLanguage":"pt-BR"},{"@type":"Organization","@id":"https:\/\/augustocamiseiro.com\/lojaweb\/#organization","name":"Augusto Camiseiro","url":"https:\/\/augustocamiseiro.com\/lojaweb\/","logo":{"@type":"ImageObject","inLanguage":"pt-BR","@id":"https:\/\/augustocamiseiro.com\/lojaweb\/#\/schema\/logo\/image\/","url":"https:\/\/i0.wp.com\/augustocamiseiro.com\/lojaweb\/wp-content\/uploads\/2024\/04\/cropped-logo-augusto-white-1.png?fit=550%2C310&ssl=1","contentUrl":"https:\/\/i0.wp.com\/augustocamiseiro.com\/lojaweb\/wp-content\/uploads\/2024\/04\/cropped-logo-augusto-white-1.png?fit=550%2C310&ssl=1","width":550,"height":310,"caption":"Augusto Camiseiro"},"image":{"@id":"https:\/\/augustocamiseiro.com\/lojaweb\/#\/schema\/logo\/image\/"}}]}},"jetpack_sharing_enabled":true,"_links":{"self":[{"href":"https:\/\/augustocamiseiro.com\/lojaweb\/wp-json\/wp\/v2\/product\/22839","targetHints":{"allow":["GET"]}}],"collection":[{"href":"https:\/\/augustocamiseiro.com\/lojaweb\/wp-json\/wp\/v2\/product"}],"about":[{"href":"https:\/\/augustocamiseiro.com\/lojaweb\/wp-json\/wp\/v2\/types\/product"}],"replies":[{"embeddable":true,"href":"https:\/\/augustocamiseiro.com\/lojaweb\/wp-json\/wp\/v2\/comments?post=22839"}],"wp:featuredmedia":[{"embeddable":true,"href":"https:\/\/augustocamiseiro.com\/lojaweb\/wp-json\/wp\/v2\/media\/22876"}],"wp:attachment":[{"href":"https:\/\/augustocamiseiro.com\/lojaweb\/wp-json\/wp\/v2\/media?parent=22839"}],"wp:term":[{"taxonomy":"product_brand","embeddable":true,"href":"https:\/\/augustocamiseiro.com\/lojaweb\/wp-json\/wp\/v2\/product_brand?post=22839"},{"taxonomy":"product_cat","embeddable":true,"href":"https:\/\/augustocamiseiro.com\/lojaweb\/wp-json\/wp\/v2\/product_cat?post=22839"},{"taxonomy":"product_tag","embeddable":true,"href":"https:\/\/augustocamiseiro.com\/lojaweb\/wp-json\/wp\/v2\/product_tag?post=22839"}],"curies":[{"name":"wp","href":"https:\/\/api.w.org\/{rel}","templated":true}]}}