{"id":21822,"date":"2024-04-18T22:54:09","date_gmt":"2024-04-18T22:54:09","guid":{"rendered":"https:\/\/bsit.com.br\/loja\/?post_type=product&#038;p=21822"},"modified":"2026-08-28T17:11:18","modified_gmt":"2026-08-28T20:11:18","slug":"calca-alfaiataria-bege-escuro","status":"publish","type":"product","link":"https:\/\/augustocamiseiro.com\/lojaweb\/produto\/calca-alfaiataria-bege-escuro\/","title":{"rendered":"Cal\u00e7a Alfaiataria Bege Escuro"},"content":{"rendered":"<div>\n<p>Cal\u00e7a\u00a0 alfaiataria bege escuro\u00a0 de l\u00e3\u00a0 fria\u00a0 super 120 da Paramount.<\/p>\n<p>Essa \u00e9 a mesma mat\u00e9ria prima que usamos na maioria de nossas cal\u00e7as sob medida.<\/p>\n<p>Portanto conhecemos muito bem seu comportamento e desempenho.<\/p>\n<p>Com efeito, uma cal\u00e7a de toque muito agrad\u00e1vel e apar\u00eancia estupenda.<\/p>\n<p>Ali\u00e1s a l\u00e3 fria \u00e9, com certeza, o material mais nobre de toda alfaiataria.<\/p>\n<p>Proporciona conforto t\u00e9rmico, respira bem e tem toque muito suave.<\/p>\n<p>Assim como disponibilizamos o melhor acabamento do mercado nesta cal\u00e7a.<\/p>\n<p>Repleto de detalhes advindos da alfaiataria artesanal. Al\u00e9m do caimento perfeito.<\/p>\n<p>Com certeza uma pe\u00e7a muito diferenciada.<\/p>\n<p>Portanto\u00a0 perfeita para\u00a0 ambientes de trabalho mais formais.<\/p>\n<p>&nbsp;<\/p>\n<p><strong>Caracter\u00edsticas<\/strong><\/p>\n<p>&nbsp;<\/p>\n<ul>\n<li>Forrada\u00a0 at\u00e9 o joelho.<\/li>\n<li>Sem pregas.<\/li>\n<li>Modelagem tradicional e simfit.<\/li>\n<li>Bolso faca frontal.<\/li>\n<li>Bolsos atr\u00e1s com caseado.<\/li>\n<li>Bolsinho frontal escondido.<\/li>\n<li>L\u00e3 fria Super 120 fabricada pela Tecelagem Paramount.<\/li>\n<\/ul>\n<p>&nbsp;<\/p>\n<p><strong>Usos e looks<\/strong><\/p>\n<\/div>\n<p>&nbsp;<\/p>\n<p>Depois dos cinzas, azuis e pretos, o bege escuro se torna uma\u00a0 op\u00e7\u00e3o muito interessante devido \u00e0 sua versatilidade.<\/p>\n<p>O bege combina com <span style=\"color: #0000ff\"><a style=\"color: #0000ff\" href=\"https:\/\/augustocamiseiro.com\/lojaweb\/?product=camisa-social-azul\">camisas azuis<\/a>,<\/span> <a href=\"https:\/\/augustocamiseiro.com\/lojaweb\/?product=camisa-social-cinza\"><span style=\"color: #0000ff\">camisas cinza<\/span><\/a><span style=\"color: #0000ff\">,<\/span> al\u00e9m dos xadrezes com <span style=\"color: #0000ff\"><a style=\"color: #0000ff\" href=\"https:\/\/augustocamiseiro.com\/lojaweb\/?product=camisa-xadrez-roxa-e-amarela\">amarelo<\/a><\/span> ou <a href=\"https:\/\/www.instagram.com\/p\/CSpu6u1gQ4h\/\"><span style=\"color: #0000ff\">laranja.<\/span><\/a><\/p>\n<p>Ademais esta cal\u00e7a faz parte de <a href=\"https:\/\/www.instagram.com\/p\/CK7OG3qsBzp\/\"><span style=\"color: #0000ff\">combina\u00e7\u00f5es<\/span><\/a> como esta que \u00e9 muito elegante.<\/p>\n<p>Inegavelmente a cal\u00e7a alfaiataria bege escuro \u00e9 uma pe\u00e7a que traz\u00a0 alegria ao seu guarda roupa.<\/p>\n<p>Apesar de n\u00e3o ser t\u00e3o usual vale a aposta.<\/p>\n<div>\n<p>&nbsp;<\/p>\n<p>ESTA PE\u00c7A VAI SEM A BARRA COSTURADA.<\/p>\n<p>\u00c9 NECESS\u00c1RIO AJUST\u00c1-LA CONFORME SUA ALTURA.<\/p>\n<p>ESTA PE\u00c7A REQUER LAVAGEM A SECO.<\/p>\n<\/div>\n","protected":false},"excerpt":{"rendered":"<p>cal\u00e7a alfaiataria bege escura de l\u00e3 fria super 120<\/p>\n","protected":false},"featured_media":50710,"comment_status":"open","ping_status":"closed","template":"","meta":{"_acf_changed":false},"product_brand":[],"product_cat":[2527,1059],"product_tag":[941,358,942,417,360,361,363],"class_list":["post-21822","product","type-product","status-publish","has-post-thumbnail","product_cat-calcas","product_cat-festa-de-fim-de-ano-bege","product_tag-bege","product_tag-calca-alfaiataria","product_tag-calca-alfaiataria-bege-escuro","product_tag-calca-bege","product_tag-calca-de-la-fria","product_tag-calca-social","product_tag-super120","first","instock","shipping-taxable","purchasable","product-type-variable"],"acf":[],"yoast_head":"<!-- This site is optimized with the Yoast SEO plugin v25.3.1 - https:\/\/yoast.com\/wordpress\/plugins\/seo\/ -->\n<title>Cal\u00e7a Alfaiataria Bege Escuro - Augusto Camiseiro<\/title>\n<meta name=\"description\" content=\"Cal\u00e7a alfaiataria bege escuro. L\u00e3 fria Super 120. Forrada at\u00e9 o joelho. Op\u00e7\u00e3o slimfit. Sem prega. \u00d3tima op\u00e7\u00e3o para diversificar.\" \/>\n<meta name=\"robots\" content=\"index, follow, max-snippet:-1, max-image-preview:large, max-video-preview:-1\" \/>\n<link rel=\"canonical\" href=\"https:\/\/augustocamiseiro.com\/lojaweb\/produto\/calca-alfaiataria-bege-escuro\/\" \/>\n<meta property=\"og:locale\" content=\"pt_BR\" \/>\n<meta property=\"og:type\" content=\"article\" \/>\n<meta property=\"og:title\" content=\"Cal\u00e7a Alfaiataria Bege Escuro - Augusto Camiseiro\" \/>\n<meta property=\"og:description\" content=\"Cal\u00e7a alfaiataria bege escuro. L\u00e3 fria Super 120. Forrada at\u00e9 o joelho. Op\u00e7\u00e3o slimfit. Sem prega. \u00d3tima op\u00e7\u00e3o para diversificar.\" \/>\n<meta property=\"og:url\" content=\"https:\/\/augustocamiseiro.com\/lojaweb\/produto\/calca-alfaiataria-bege-escuro\/\" \/>\n<meta property=\"og:site_name\" content=\"Augusto Camiseiro\" \/>\n<meta property=\"article:modified_time\" content=\"2026-08-28T20:11:18+00:00\" \/>\n<meta property=\"og:image\" content=\"https:\/\/augustocamiseiro.com\/lojaweb\/wp-content\/uploads\/2024\/04\/calca-alfaiataria-bege-escuro-ref3183_webp-e1770816340990.webp\" \/>\n\t<meta property=\"og:image:width\" content=\"1000\" \/>\n\t<meta property=\"og:image:height\" content=\"1241\" \/>\n\t<meta property=\"og:image:type\" content=\"image\/webp\" \/>\n<meta name=\"twitter:card\" content=\"summary_large_image\" \/>\n<meta name=\"twitter:label1\" content=\"Est. tempo de leitura\" \/>\n\t<meta name=\"twitter:data1\" content=\"2 minutos\" \/>\n<!-- \/ Yoast SEO plugin. -->","yoast_head_json":{"title":"Cal\u00e7a Alfaiataria Bege Escuro - Augusto Camiseiro","description":"Cal\u00e7a alfaiataria bege escuro. L\u00e3 fria Super 120. Forrada at\u00e9 o joelho. Op\u00e7\u00e3o slimfit. Sem prega. \u00d3tima op\u00e7\u00e3o para diversificar.","robots":{"index":"index","follow":"follow","max-snippet":"max-snippet:-1","max-image-preview":"max-image-preview:large","max-video-preview":"max-video-preview:-1"},"canonical":"https:\/\/augustocamiseiro.com\/lojaweb\/produto\/calca-alfaiataria-bege-escuro\/","og_locale":"pt_BR","og_type":"article","og_title":"Cal\u00e7a Alfaiataria Bege Escuro - Augusto Camiseiro","og_description":"Cal\u00e7a alfaiataria bege escuro. L\u00e3 fria Super 120. Forrada at\u00e9 o joelho. Op\u00e7\u00e3o slimfit. Sem prega. \u00d3tima op\u00e7\u00e3o para diversificar.","og_url":"https:\/\/augustocamiseiro.com\/lojaweb\/produto\/calca-alfaiataria-bege-escuro\/","og_site_name":"Augusto Camiseiro","article_modified_time":"2026-08-28T20:11:18+00:00","og_image":[{"width":1000,"height":1241,"url":"https:\/\/augustocamiseiro.com\/lojaweb\/wp-content\/uploads\/2024\/04\/calca-alfaiataria-bege-escuro-ref3183_webp-e1770816340990.webp","type":"image\/webp"}],"twitter_card":"summary_large_image","twitter_misc":{"Est. tempo de leitura":"2 minutos"},"schema":{"@context":"https:\/\/schema.org","@graph":[{"@type":"WebPage","@id":"https:\/\/augustocamiseiro.com\/lojaweb\/produto\/calca-alfaiataria-bege-escuro\/","url":"https:\/\/augustocamiseiro.com\/lojaweb\/produto\/calca-alfaiataria-bege-escuro\/","name":"Cal\u00e7a Alfaiataria Bege Escuro - Augusto Camiseiro","isPartOf":{"@id":"https:\/\/augustocamiseiro.com\/lojaweb\/#website"},"primaryImageOfPage":{"@id":"https:\/\/augustocamiseiro.com\/lojaweb\/produto\/calca-alfaiataria-bege-escuro\/#primaryimage"},"image":{"@id":"https:\/\/augustocamiseiro.com\/lojaweb\/produto\/calca-alfaiataria-bege-escuro\/#primaryimage"},"thumbnailUrl":"https:\/\/i0.wp.com\/augustocamiseiro.com\/lojaweb\/wp-content\/uploads\/2024\/04\/calca-alfaiataria-bege-escuro-ref3183_webp-e1770816340990.webp?fit=1000%2C1241&ssl=1","datePublished":"2024-04-18T22:54:09+00:00","dateModified":"2026-08-28T20:11:18+00:00","description":"Cal\u00e7a alfaiataria bege escuro. L\u00e3 fria Super 120. Forrada at\u00e9 o joelho. Op\u00e7\u00e3o slimfit. Sem prega. \u00d3tima op\u00e7\u00e3o para diversificar.","breadcrumb":{"@id":"https:\/\/augustocamiseiro.com\/lojaweb\/produto\/calca-alfaiataria-bege-escuro\/#breadcrumb"},"inLanguage":"pt-BR","potentialAction":[{"@type":"ReadAction","target":["https:\/\/augustocamiseiro.com\/lojaweb\/produto\/calca-alfaiataria-bege-escuro\/"]}]},{"@type":"ImageObject","inLanguage":"pt-BR","@id":"https:\/\/augustocamiseiro.com\/lojaweb\/produto\/calca-alfaiataria-bege-escuro\/#primaryimage","url":"https:\/\/i0.wp.com\/augustocamiseiro.com\/lojaweb\/wp-content\/uploads\/2024\/04\/calca-alfaiataria-bege-escuro-ref3183_webp-e1770816340990.webp?fit=1000%2C1241&ssl=1","contentUrl":"https:\/\/i0.wp.com\/augustocamiseiro.com\/lojaweb\/wp-content\/uploads\/2024\/04\/calca-alfaiataria-bege-escuro-ref3183_webp-e1770816340990.webp?fit=1000%2C1241&ssl=1","width":1000,"height":1241,"caption":"calca-alfaiataria-bege-escuro-ref3183"},{"@type":"BreadcrumbList","@id":"https:\/\/augustocamiseiro.com\/lojaweb\/produto\/calca-alfaiataria-bege-escuro\/#breadcrumb","itemListElement":[{"@type":"ListItem","position":1,"name":"In\u00edcio","item":"https:\/\/augustocamiseiro.com\/lojaweb\/"},{"@type":"ListItem","position":2,"name":"Shop","item":"https:\/\/augustocamiseiro.com\/lojaweb\/shop\/"},{"@type":"ListItem","position":3,"name":"Cal\u00e7a Alfaiataria Bege Escuro"}]},{"@type":"WebSite","@id":"https:\/\/augustocamiseiro.com\/lojaweb\/#website","url":"https:\/\/augustocamiseiro.com\/lojaweb\/","name":"Augusto Camiseiro","description":"Roupa Masculina","publisher":{"@id":"https:\/\/augustocamiseiro.com\/lojaweb\/#organization"},"potentialAction":[{"@type":"SearchAction","target":{"@type":"EntryPoint","urlTemplate":"https:\/\/augustocamiseiro.com\/lojaweb\/?s={search_term_string}"},"query-input":{"@type":"PropertyValueSpecification","valueRequired":true,"valueName":"search_term_string"}}],"inLanguage":"pt-BR"},{"@type":"Organization","@id":"https:\/\/augustocamiseiro.com\/lojaweb\/#organization","name":"Augusto Camiseiro","url":"https:\/\/augustocamiseiro.com\/lojaweb\/","logo":{"@type":"ImageObject","inLanguage":"pt-BR","@id":"https:\/\/augustocamiseiro.com\/lojaweb\/#\/schema\/logo\/image\/","url":"https:\/\/i0.wp.com\/augustocamiseiro.com\/lojaweb\/wp-content\/uploads\/2024\/04\/cropped-logo-augusto-white-1.png?fit=550%2C310&ssl=1","contentUrl":"https:\/\/i0.wp.com\/augustocamiseiro.com\/lojaweb\/wp-content\/uploads\/2024\/04\/cropped-logo-augusto-white-1.png?fit=550%2C310&ssl=1","width":550,"height":310,"caption":"Augusto Camiseiro"},"image":{"@id":"https:\/\/augustocamiseiro.com\/lojaweb\/#\/schema\/logo\/image\/"}}]}},"jetpack_sharing_enabled":true,"_links":{"self":[{"href":"https:\/\/augustocamiseiro.com\/lojaweb\/wp-json\/wp\/v2\/product\/21822","targetHints":{"allow":["GET"]}}],"collection":[{"href":"https:\/\/augustocamiseiro.com\/lojaweb\/wp-json\/wp\/v2\/product"}],"about":[{"href":"https:\/\/augustocamiseiro.com\/lojaweb\/wp-json\/wp\/v2\/types\/product"}],"replies":[{"embeddable":true,"href":"https:\/\/augustocamiseiro.com\/lojaweb\/wp-json\/wp\/v2\/comments?post=21822"}],"wp:featuredmedia":[{"embeddable":true,"href":"https:\/\/augustocamiseiro.com\/lojaweb\/wp-json\/wp\/v2\/media\/50710"}],"wp:attachment":[{"href":"https:\/\/augustocamiseiro.com\/lojaweb\/wp-json\/wp\/v2\/media?parent=21822"}],"wp:term":[{"taxonomy":"product_brand","embeddable":true,"href":"https:\/\/augustocamiseiro.com\/lojaweb\/wp-json\/wp\/v2\/product_brand?post=21822"},{"taxonomy":"product_cat","embeddable":true,"href":"https:\/\/augustocamiseiro.com\/lojaweb\/wp-json\/wp\/v2\/product_cat?post=21822"},{"taxonomy":"product_tag","embeddable":true,"href":"https:\/\/augustocamiseiro.com\/lojaweb\/wp-json\/wp\/v2\/product_tag?post=21822"}],"curies":[{"name":"wp","href":"https:\/\/api.w.org\/{rel}","templated":true}]}}

Calça Alfaiataria Bege Escuro

<div>
<p>Calça  alfaiataria bege escuro  de lã  fria  super 120 da Paramount.</p>
<p>Essa é a mesma matéria prima que usamos na maioria de nossas calças sob medida.</p>
<p>Portanto conhecemos muito bem seu comportamento e desempenho.</p>
<p>Com efeito, uma calça de toque muito agradável e aparência estupenda.</p>
<p>Aliás a lã fria é, com certeza, o material mais nobre de toda alfaiataria.</p>
<p>Proporciona conforto térmico, respira bem e tem toque muito suave.</p>
<p>Assim como disponibilizamos o melhor acabamento do mercado nesta calça.</p>
<p>Repleto de detalhes advindos da alfaiataria artesanal. Além do caimento perfeito.</p>
<p>Com certeza uma peça muito diferenciada.</p>
<p>Portanto  perfeita para  ambientes de trabalho mais formais.</p>
<p>&nbsp;</p>
<p><strong>Características</strong></p>
<p>&nbsp;</p>
<ul>
<li>Forrada  até o joelho.</li>
<li>Sem pregas.</li>
<li>Modelagem tradicional e simfit.</li>
<li>Bolso faca frontal.</li>
<li>Bolsos atrás com caseado.</li>
<li>Bolsinho frontal escondido.</li>
<li>Lã fria Super 120 fabricada pela Tecelagem Paramount.</li>
</ul>
<p>&nbsp;</p>
<p><strong>Usos e looks</strong></p>
</div>
<p>&nbsp;</p>
<p>Depois dos cinzas, azuis e pretos, o bege escuro se torna uma  opção muito interessante devido à sua versatilidade.</p>
<p>O bege combina com <span style="color: #0000ff"><a style="color: #0000ff" href="https://augustocamiseiro.com/lojaweb/?product=camisa-social-azul">camisas azuis</a>,</span> <a href="https://augustocamiseiro.com/lojaweb/?product=camisa-social-cinza"><span style="color: #0000ff">camisas cinza</span></a><span style="color: #0000ff">,</span> além dos xadrezes com <span style="color: #0000ff"><a style="color: #0000ff" href="https://augustocamiseiro.com/lojaweb/?product=camisa-xadrez-roxa-e-amarela">amarelo</a></span> ou <a href="https://www.instagram.com/p/CSpu6u1gQ4h/"><span style="color: #0000ff">laranja.</span></a></p>
<p>Ademais esta calça faz parte de <a href="https://www.instagram.com/p/CK7OG3qsBzp/"><span style="color: #0000ff">combinações</span></a> como esta que é muito elegante.</p>
<p>Inegavelmente a calça alfaiataria bege escuro é uma peça que traz  alegria ao seu guarda roupa.</p>
<p>Apesar de não ser tão usual vale a aposta.</p>
<div>
<p>&nbsp;</p>
<p>ESTA PEÇA VAI SEM A BARRA COSTURADA.</p>
<p>É NECESSÁRIO AJUSTÁ-LA CONFORME SUA ALTURA.</p>
<p>ESTA PEÇA REQUER LAVAGEM A SECO.</p>
</div>

<p>calça alfaiataria bege escura de lã fria super 120</p>

<!-- This site is optimized with the Yoast SEO plugin v25.3.1 - https://yoast.com/wordpress/plugins/seo/ -->
<title>Calça Alfaiataria Bege Escuro - Augusto Camiseiro</title>
<meta name="description" content="Calça alfaiataria bege escuro. Lã fria Super 120. Forrada até o joelho. Opção slimfit. Sem prega. Ótima opção para diversificar." />
<meta name="robots" content="index, follow, max-snippet:-1, max-image-preview:large, max-video-preview:-1" />
<link rel="canonical" href="https://augustocamiseiro.com/lojaweb/produto/calca-alfaiataria-bege-escuro/" />
<meta property="og:locale" content="pt_BR" />
<meta property="og:type" content="article" />
<meta property="og:title" content="Calça Alfaiataria Bege Escuro - Augusto Camiseiro" />
<meta property="og:description" content="Calça alfaiataria bege escuro. Lã fria Super 120. Forrada até o joelho. Opção slimfit. Sem prega. Ótima opção para diversificar." />
<meta property="og:url" content="https://augustocamiseiro.com/lojaweb/produto/calca-alfaiataria-bege-escuro/" />
<meta property="og:site_name" content="Augusto Camiseiro" />
<meta property="article:modified_time" content="2026-08-28T20:11:18+00:00" />
<meta property="og:image" content="https://augustocamiseiro.com/lojaweb/wp-content/uploads/2024/04/calca-alfaiataria-bege-escuro-ref3183_webp-e1770816340990.webp" />
	<meta property="og:image:width" content="1000" />
	<meta property="og:image:height" content="1241" />
	<meta property="og:image:type" content="image/webp" />
<meta name="twitter:card" content="summary_large_image" />
<meta name="twitter:label1" content="Est. tempo de leitura" />
	<meta name="twitter:data1" content="2 minutos" />
<!-- / Yoast SEO plugin. -->

Calça Alfaiataria Bege Escuro - Augusto Camiseiro

Calça alfaiataria bege escuro. Lã fria Super 120. Forrada até o joelho. Opção slimfit. Sem prega. Ótima opção para diversificar.

Início
